CRAN Package Check Results for Package projects

Last updated on 2024-02-24 19:50:48 CET.

Flavor Version Tinstall Tcheck Ttotal Status Flags
r-devel-linux-x86_64-debian-clang 2.1.3 7.91 59.31 67.22 OK
r-devel-linux-x86_64-debian-gcc 2.1.3 6.11 45.70 51.81 OK
r-devel-linux-x86_64-fedora-clang 2.1.3 83.39 NOTE
r-devel-linux-x86_64-fedora-gcc 2.1.3 77.88 NOTE
r-devel-windows-x86_64 2.1.3 7.00 67.00 74.00 OK
r-patched-linux-x86_64 2.1.3 5.05 58.28 63.33 OK
r-release-linux-x86_64 2.1.3 4.30 57.73 62.03 OK
r-release-macos-arm64 2.1.3 28.00 OK
r-release-macos-x86_64 2.1.3 37.00 OK
r-release-windows-x86_64 2.1.3 9.00 75.00 84.00 OK
r-oldrel-macos-arm64 2.1.3 31.00 NOTE
r-oldrel-windows-x86_64 2.1.3 10.00 78.00 88.00 OK

Check Details

Version: 2.1.3
Check: dependencies in R code
Result: NOTE Namespace in Imports field not imported from: ‘methods’ All declared Imports should be used. Flavors: r-devel-linux-x86_64-fedora-clang, r-devel-linux-x86_64-fedora-gcc, r-oldrel-macos-arm64