CRAN Package Check Results for Package projects

Last updated on 2021-10-26 20:51:03 CEST.

Flavor Version Tinstall Tcheck Ttotal Status Flags
r-devel-linux-x86_64-debian-clang 2.1.3 5.98 53.30 59.28 OK
r-devel-linux-x86_64-debian-gcc 2.1.3 5.06 39.79 44.85 OK
r-devel-linux-x86_64-fedora-clang 2.1.3 80.71 NOTE
r-devel-linux-x86_64-fedora-gcc 2.1.3 69.56 NOTE
r-devel-windows-x86_64 2.1.3 11.00 77.00 88.00 OK
r-devel-windows-x86_64-gcc10-UCRT 2.1.3 NOTE
r-patched-linux-x86_64 2.1.3 7.12 49.93 57.05 OK
r-patched-solaris-x86 2.1.3 96.10 NOTE
r-release-linux-x86_64 2.1.3 5.40 49.79 55.19 OK
r-release-macos-arm64 2.1.3 NOTE
r-release-macos-x86_64 2.1.3 NOTE
r-release-windows-ix86+x86_64 2.1.3 9.00 74.00 83.00 OK
r-oldrel-macos-x86_64 2.1.3 NOTE
r-oldrel-windows-ix86+x86_64 2.1.3 12.00 79.00 91.00 OK

Check Details

Version: 2.1.3
Check: dependencies in R code
Result: NOTE
    Namespace in Imports field not imported from: ‘methods’
     All declared Imports should be used.
Flavors: r-devel-linux-x86_64-fedora-clang, r-devel-linux-x86_64-fedora-gcc, r-devel-windows-x86_64-gcc10-UCRT, r-patched-solaris-x86, r-release-macos-arm64, r-release-macos-x86_64, r-oldrel-macos-x86_64