Last updated on 2023-01-27 08:52:45 CET.
Flavor | Version | Tinstall | Tcheck | Ttotal | Status | Flags |
---|---|---|---|---|---|---|
r-devel-linux-x86_64-debian-clang | 0.5.2 | 32.56 | 147.36 | 179.92 | OK | |
r-devel-linux-x86_64-debian-gcc | 0.5.2 | 24.11 | 96.93 | 121.04 | NOTE | |
r-devel-linux-x86_64-fedora-clang | 0.5.2 | 209.83 | NOTE | |||
r-devel-linux-x86_64-fedora-gcc | 0.5.2 | 219.03 | NOTE | |||
r-patched-linux-x86_64 | 0.5.2 | 31.92 | 124.15 | 156.07 | OK | |
r-release-linux-x86_64 | 0.5.2 | 23.72 | 125.94 | 149.66 | OK | |
r-release-macos-arm64 | 0.5.2 | 55.00 | OK | |||
r-release-macos-x86_64 | 0.5.2 | 76.00 | OK | |||
r-release-windows-x86_64 | 0.5.2 | 73.00 | 175.00 | 248.00 | OK | |
r-oldrel-macos-arm64 | 0.5.2 | 56.00 | OK | |||
r-oldrel-macos-x86_64 | 0.5.2 | 80.00 | OK | |||
r-oldrel-windows-ix86+x86_64 | 0.5.2 | 73.00 | 228.00 | 301.00 | OK |
Version: 0.5.2
Check: C++ specification
Result: NOTE
Specified C++11: please update to current default of C++17
Flavors: r-devel-linux-x86_64-debian-gcc, r-devel-linux-x86_64-fedora-clang, r-devel-linux-x86_64-fedora-gcc
Version: 0.5.2
Check: package dependencies
Result: NOTE
Imports includes 21 non-default packages.
Importing from so many packages makes the package vulnerable to any of
them becoming unavailable. Move as many as possible to Suggests and
use conditionally.
Flavor: r-devel-linux-x86_64-fedora-clang