CRAN Package Check Results for Package processanimateR

Last updated on 2020-01-23 09:52:11 CET.

Flavor Version Tinstall Tcheck Ttotal Status Flags
r-devel-linux-x86_64-debian-clang 1.0.2 8.55 99.32 107.87 OK
r-devel-linux-x86_64-debian-gcc 1.0.2 7.66 73.45 81.11 OK
r-devel-linux-x86_64-fedora-clang 1.0.2 123.59 NOTE
r-devel-linux-x86_64-fedora-gcc 1.0.2 116.47 OK
r-devel-windows-ix86+x86_64 1.0.2 48.00 164.00 212.00 NOTE
r-devel-windows-ix86+x86_64-gcc8 1.0.2 33.00 160.00 193.00 NOTE
r-patched-linux-x86_64 1.0.2 8.57 86.08 94.65 OK
r-patched-solaris-x86 1.0.2 148.10 WARN
r-release-linux-x86_64 1.0.2 7.81 86.57 94.38 OK
r-release-windows-ix86+x86_64 1.0.2 25.00 132.00 157.00 NOTE
r-release-osx-x86_64 1.0.2 WARN
r-oldrel-windows-ix86+x86_64 1.0.2 15.00 107.00 122.00 NOTE
r-oldrel-osx-x86_64 1.0.2 WARN

Additional issues

noSuggests

Check Details

Version: 1.0.2
Check: installed package size
Result: NOTE
     installed size is 12.0Mb
     sub-directories of 1Mb or more:
     doc 9.2Mb
     htmlwidgets 2.5Mb
Flavors: r-devel-linux-x86_64-fedora-clang, r-devel-windows-ix86+x86_64, r-devel-windows-ix86+x86_64-gcc8, r-patched-solaris-x86, r-release-windows-ix86+x86_64, r-release-osx-x86_64, r-oldrel-windows-ix86+x86_64, r-oldrel-osx-x86_64

Version: 1.0.2
Check: re-building of vignette outputs
Result: WARN
    Error(s) in re-building vignettes:
     ...
    --- re-building ‘use-external-data-to-change-tokens.Rmd’ using rmarkdown
    Warning in engine$weave(file, quiet = quiet, encoding = enc) :
     Pandoc (>= 1.12.3) and/or pandoc-citeproc not available. Falling back to R Markdown v1.
    
    Attaching package: 'dplyr'
    
    The following objects are masked from 'package:stats':
    
     filter, lag
    
    The following objects are masked from 'package:base':
    
     intersect, setdiff, setequal, union
    
    Loading required package: edeaR
    Loading required package: eventdataR
    Loading required package: processmapR
    Loading required package: xesreadR
    Loading required package: processmonitR
    Loading required package: petrinetR
    
    Attaching package: 'bupaR'
    
    The following object is masked from 'package:stats':
    
     filter
    
    The following object is masked from 'package:utils':
    
     timestamp
    
    Quitting from lines 23-49 (use-external-data-to-change-tokens.Rmd)
    Error: processing vignette 'use-external-data-to-change-tokens.Rmd' failed with diagnostics:
    there is no package called 'webshot'
    --- failed re-building ‘use-external-data-to-change-tokens.Rmd’
    
    --- re-building ‘use-shiny-selections.Rmd’ using rmarkdown
    Warning in engine$weave(file, quiet = quiet, encoding = enc) :
     Pandoc (>= 1.12.3) and/or pandoc-citeproc not available. Falling back to R Markdown v1.
    --- finished re-building ‘use-shiny-selections.Rmd’
    
    --- re-building ‘use-timestamp-change-token-aes.Rmd’ using rmarkdown
    Warning in engine$weave(file, quiet = quiet, encoding = enc) :
     Pandoc (>= 1.12.3) and/or pandoc-citeproc not available. Falling back to R Markdown v1.
    
    Attaching package: 'dplyr'
    
    The following objects are masked from 'package:stats':
    
     filter, lag
    
    The following objects are masked from 'package:base':
    
     intersect, setdiff, setequal, union
    
    
    Attaching package: 'lubridate'
    
    The following object is masked from 'package:base':
    
     date
    
    Loading required package: edeaR
    Loading required package: eventdataR
    Loading required package: processmapR
    Loading required package: xesreadR
    Loading required package: processmonitR
    Loading required package: petrinetR
    
    Attaching package: 'bupaR'
    
    The following object is masked from 'package:stats':
    
     filter
    
    The following object is masked from 'package:utils':
    
     timestamp
    
    Quitting from lines 59-72 (use-timestamp-change-token-aes.Rmd)
    Error: processing vignette 'use-timestamp-change-token-aes.Rmd' failed with diagnostics:
    there is no package called 'webshot'
    --- failed re-building ‘use-timestamp-change-token-aes.Rmd’
    
    --- re-building ‘use-token_scales.Rmd’ using rmarkdown
    Warning in engine$weave(file, quiet = quiet, encoding = enc) :
     Pandoc (>= 1.12.3) and/or pandoc-citeproc not available. Falling back to R Markdown v1.
    Quitting from lines 23-31 (use-token_scales.Rmd)
    Error: processing vignette 'use-token_scales.Rmd' failed with diagnostics:
    there is no package called 'webshot'
    --- failed re-building ‘use-token_scales.Rmd’
    
    --- re-building ‘use-with-shiny.Rmd’ using rmarkdown
    Warning in engine$weave(file, quiet = quiet, encoding = enc) :
     Pandoc (>= 1.12.3) and/or pandoc-citeproc not available. Falling back to R Markdown v1.
    --- finished re-building ‘use-with-shiny.Rmd’
    
    SUMMARY: processing the following files failed:
     ‘use-external-data-to-change-tokens.Rmd’
     ‘use-timestamp-change-token-aes.Rmd’ ‘use-token_scales.Rmd’
    
    Error: Vignette re-building failed.
    Execution halted
Flavor: r-patched-solaris-x86

Version: 1.0.2
Check: re-building of vignette outputs
Result: WARN
    Error(s) in re-building vignettes:
    --- re-building ‘use-external-data-to-change-tokens.Rmd’ using rmarkdown
    Warning in engine$weave(file, quiet = quiet, encoding = enc) :
     Pandoc (>= 1.12.3) and/or pandoc-citeproc not available. Falling back to R Markdown v1.
    
    Attaching package: 'dplyr'
    
    The following objects are masked from 'package:stats':
    
     filter, lag
    
    The following objects are masked from 'package:base':
    
     intersect, setdiff, setequal, union
    
    Loading required package: edeaR
    Loading required package: eventdataR
    Loading required package: processmapR
    Loading required package: xesreadR
    Loading required package: processmonitR
    Loading required package: petrinetR
    
    Attaching package: 'bupaR'
    
    The following object is masked from 'package:stats':
    
     filter
    
    The following object is masked from 'package:utils':
    
     timestamp
    
    PhantomJS not found. You can install it with webshot::install_phantomjs(). If it is installed, please make sure the phantomjs executable can be found via the PATH variable.
    Quitting from lines 23-49 (use-external-data-to-change-tokens.Rmd)
    Error: processing vignette 'use-external-data-to-change-tokens.Rmd' failed with diagnostics:
    cannot open the connection
    --- failed re-building ‘use-external-data-to-change-tokens.Rmd’
    
    --- re-building ‘use-shiny-selections.Rmd’ using rmarkdown
    Warning in engine$weave(file, quiet = quiet, encoding = enc) :
     Pandoc (>= 1.12.3) and/or pandoc-citeproc not available. Falling back to R Markdown v1.
    --- finished re-building ‘use-shiny-selections.Rmd’
    
    --- re-building ‘use-timestamp-change-token-aes.Rmd’ using rmarkdown
    Warning in engine$weave(file, quiet = quiet, encoding = enc) :
     Pandoc (>= 1.12.3) and/or pandoc-citeproc not available. Falling back to R Markdown v1.
    
    Attaching package: 'dplyr'
    
    The following objects are masked from 'package:stats':
    
     filter, lag
    
    The following objects are masked from 'package:base':
    
     intersect, setdiff, setequal, union
    
    
    Attaching package: 'lubridate'
    
    The following object is masked from 'package:base':
    
     date
    
    Loading required package: edeaR
    Loading required package: eventdataR
    Loading required package: processmapR
    Loading required package: xesreadR
    Loading required package: processmonitR
    Loading required package: petrinetR
    
    Attaching package: 'bupaR'
    
    The following object is masked from 'package:stats':
    
     filter
    
    The following object is masked from 'package:utils':
    
     timestamp
    
    PhantomJS not found. You can install it with webshot::install_phantomjs(). If it is installed, please make sure the phantomjs executable can be found via the PATH variable.
    Quitting from lines 59-72 (use-timestamp-change-token-aes.Rmd)
    Error: processing vignette 'use-timestamp-change-token-aes.Rmd' failed with diagnostics:
    cannot open the connection
    --- failed re-building ‘use-timestamp-change-token-aes.Rmd’
    
    --- re-building ‘use-token_scales.Rmd’ using rmarkdown
    Warning in engine$weave(file, quiet = quiet, encoding = enc) :
     Pandoc (>= 1.12.3) and/or pandoc-citeproc not available. Falling back to R Markdown v1.
    PhantomJS not found. You can install it with webshot::install_phantomjs(). If it is installed, please make sure the phantomjs executable can be found via the PATH variable.
    Quitting from lines 23-31 (use-token_scales.Rmd)
    Error: processing vignette 'use-token_scales.Rmd' failed with diagnostics:
    cannot open the connection
    --- failed re-building ‘use-token_scales.Rmd’
    
    --- re-building ‘use-with-shiny.Rmd’ using rmarkdown
    Warning in engine$weave(file, quiet = quiet, encoding = enc) :
     Pandoc (>= 1.12.3) and/or pandoc-citeproc not available. Falling back to R Markdown v1.
    --- finished re-building ‘use-with-shiny.Rmd’
    
    SUMMARY: processing the following files failed:
     ‘use-external-data-to-change-tokens.Rmd’
     ‘use-timestamp-change-token-aes.Rmd’ ‘use-token_scales.Rmd’
    
    Error: Vignette re-building failed.
    Execution halted
Flavor: r-release-osx-x86_64

Version: 1.0.2
Check: re-building of vignette outputs
Result: WARN
    Error in re-building vignettes:
     ...
    
     intersect, setdiff, setequal, union
    
    Loading required package: edeaR
    Loading required package: eventdataR
    Loading required package: processmapR
    Loading required package: xesreadR
    Loading required package: processmonitR
    Loading required package: petrinetR
    
    Attaching package: 'bupaR'
    
    The following object is masked from 'package:stats':
    
     filter
    
    The following object is masked from 'package:utils':
    
     timestamp
    
    PhantomJS not found. You can install it with webshot::install_phantomjs(). If it is installed, please make sure the phantomjs executable can be found via the PATH variable.
    Quitting from lines 23-49 (use-external-data-to-change-tokens.Rmd)
    Error: processing vignette 'use-external-data-to-change-tokens.Rmd' failed with diagnostics:
    cannot open the connection
    Execution halted
Flavor: r-oldrel-osx-x86_64