CRAN Package Check Results for Package processanimateR

Last updated on 2019-08-25 10:46:27 CEST.

Flavor Version Tinstall Tcheck Ttotal Status Flags
r-devel-linux-x86_64-debian-clang 1.0.1 5.32 71.05 76.37 OK
r-devel-linux-x86_64-debian-gcc 1.0.1 4.36 52.72 57.08 OK
r-devel-linux-x86_64-fedora-clang 1.0.1 85.73 NOTE
r-devel-linux-x86_64-fedora-gcc 1.0.1 62.86 NOTE
r-devel-windows-ix86+x86_64 1.0.1 19.00 84.00 103.00 NOTE
r-patched-linux-x86_64 1.0.1 5.04 65.71 70.75 OK
r-patched-solaris-x86 1.0.1 105.70 WARN
r-release-linux-x86_64 1.0.1 4.72 64.78 69.50 OK
r-release-windows-ix86+x86_64 1.0.1 18.00 89.00 107.00 NOTE
r-release-osx-x86_64 1.0.1 WARN
r-oldrel-windows-ix86+x86_64 1.0.1 18.00 110.00 128.00 NOTE
r-oldrel-osx-x86_64 1.0.1 WARN

Check Details

Version: 1.0.1
Check: installed package size
Result: NOTE
     installed size is 12.0Mb
     sub-directories of 1Mb or more:
     doc 9.2Mb
     htmlwidgets 2.5Mb
Flavors: r-devel-linux-x86_64-fedora-clang, r-devel-windows-ix86+x86_64, r-patched-solaris-x86, r-release-windows-ix86+x86_64, r-release-osx-x86_64, r-oldrel-windows-ix86+x86_64, r-oldrel-osx-x86_64

Version: 1.0.1
Check: dependencies in R code
Result: NOTE
    Namespace in Imports field not imported from: ‘processmapR’
     All declared Imports should be used.
Flavors: r-devel-linux-x86_64-fedora-clang, r-devel-linux-x86_64-fedora-gcc, r-patched-solaris-x86, r-release-osx-x86_64, r-oldrel-osx-x86_64

Version: 1.0.1
Check: re-building of vignette outputs
Result: WARN
    Error(s) in re-building vignettes:
     ...
    --- re-building ‘use-external-data-to-change-tokens.Rmd’ using rmarkdown
    Warning in engine$weave(file, quiet = quiet, encoding = enc) :
     Pandoc (>= 1.12.3) and/or pandoc-citeproc not available. Falling back to R Markdown v1.
    
    Attaching package: 'dplyr'
    
    The following objects are masked from 'package:stats':
    
     filter, lag
    
    The following objects are masked from 'package:base':
    
     intersect, setdiff, setequal, union
    
    Loading required package: edeaR
    Loading required package: eventdataR
    Loading required package: processmapR
    Loading required package: xesreadR
    Loading required package: processmonitR
    Loading required package: petrinetR
    
    Attaching package: 'bupaR'
    
    The following object is masked from 'package:stats':
    
     filter
    
    The following object is masked from 'package:utils':
    
     timestamp
    
    Quitting from lines 23-49 (use-external-data-to-change-tokens.Rmd)
    Error: processing vignette 'use-external-data-to-change-tokens.Rmd' failed with diagnostics:
    there is no package called 'webshot'
    --- failed re-building ‘use-external-data-to-change-tokens.Rmd’
    
    --- re-building ‘use-shiny-selections.Rmd’ using rmarkdown
    Warning in engine$weave(file, quiet = quiet, encoding = enc) :
     Pandoc (>= 1.12.3) and/or pandoc-citeproc not available. Falling back to R Markdown v1.
    --- finished re-building ‘use-shiny-selections.Rmd’
    
    --- re-building ‘use-timestamp-change-token-aes.Rmd’ using rmarkdown
    Warning in engine$weave(file, quiet = quiet, encoding = enc) :
     Pandoc (>= 1.12.3) and/or pandoc-citeproc not available. Falling back to R Markdown v1.
    
    Attaching package: 'dplyr'
    
    The following objects are masked from 'package:stats':
    
     filter, lag
    
    The following objects are masked from 'package:base':
    
     intersect, setdiff, setequal, union
    
    
    Attaching package: 'lubridate'
    
    The following object is masked from 'package:base':
    
     date
    
    Loading required package: edeaR
    Loading required package: eventdataR
    Loading required package: processmapR
    Loading required package: xesreadR
    Loading required package: processmonitR
    Loading required package: petrinetR
    
    Attaching package: 'bupaR'
    
    The following object is masked from 'package:stats':
    
     filter
    
    The following object is masked from 'package:utils':
    
     timestamp
    
    Quitting from lines 59-72 (use-timestamp-change-token-aes.Rmd)
    Error: processing vignette 'use-timestamp-change-token-aes.Rmd' failed with diagnostics:
    there is no package called 'webshot'
    --- failed re-building ‘use-timestamp-change-token-aes.Rmd’
    
    --- re-building ‘use-token_scales.Rmd’ using rmarkdown
    Warning in engine$weave(file, quiet = quiet, encoding = enc) :
     Pandoc (>= 1.12.3) and/or pandoc-citeproc not available. Falling back to R Markdown v1.
    Quitting from lines 23-31 (use-token_scales.Rmd)
    Error: processing vignette 'use-token_scales.Rmd' failed with diagnostics:
    there is no package called 'webshot'
    --- failed re-building ‘use-token_scales.Rmd’
    
    --- re-building ‘use-with-shiny.Rmd’ using rmarkdown
    Warning in engine$weave(file, quiet = quiet, encoding = enc) :
     Pandoc (>= 1.12.3) and/or pandoc-citeproc not available. Falling back to R Markdown v1.
    --- finished re-building ‘use-with-shiny.Rmd’
    
    SUMMARY: processing the following files failed:
     ‘use-external-data-to-change-tokens.Rmd’
     ‘use-timestamp-change-token-aes.Rmd’ ‘use-token_scales.Rmd’
    
    Error: Vignette re-building failed.
    Execution halted
Flavor: r-patched-solaris-x86

Version: 1.0.1
Check: re-building of vignette outputs
Result: WARN
    Error(s) in re-building vignettes:
    --- re-building ‘use-external-data-to-change-tokens.Rmd’ using rmarkdown
    Warning in engine$weave(file, quiet = quiet, encoding = enc) :
     Pandoc (>= 1.12.3) and/or pandoc-citeproc not available. Falling back to R Markdown v1.
    
    Attaching package: 'dplyr'
    
    The following objects are masked from 'package:stats':
    
     filter, lag
    
    The following objects are masked from 'package:base':
    
     intersect, setdiff, setequal, union
    
    Loading required package: edeaR
    Loading required package: eventdataR
    Loading required package: processmapR
    Loading required package: xesreadR
    Loading required package: processmonitR
    Loading required package: petrinetR
    
    Attaching package: 'bupaR'
    
    The following object is masked from 'package:stats':
    
     filter
    
    The following object is masked from 'package:utils':
    
     timestamp
    
    PhantomJS not found. You can install it with webshot::install_phantomjs(). If it is installed, please make sure the phantomjs executable can be found via the PATH variable.
    Quitting from lines 23-49 (use-external-data-to-change-tokens.Rmd)
    Error: processing vignette 'use-external-data-to-change-tokens.Rmd' failed with diagnostics:
    cannot open the connection
    --- failed re-building ‘use-external-data-to-change-tokens.Rmd’
    
    --- re-building ‘use-shiny-selections.Rmd’ using rmarkdown
    Warning in engine$weave(file, quiet = quiet, encoding = enc) :
     Pandoc (>= 1.12.3) and/or pandoc-citeproc not available. Falling back to R Markdown v1.
    --- finished re-building ‘use-shiny-selections.Rmd’
    
    --- re-building ‘use-timestamp-change-token-aes.Rmd’ using rmarkdown
    Warning in engine$weave(file, quiet = quiet, encoding = enc) :
     Pandoc (>= 1.12.3) and/or pandoc-citeproc not available. Falling back to R Markdown v1.
    
    Attaching package: 'dplyr'
    
    The following objects are masked from 'package:stats':
    
     filter, lag
    
    The following objects are masked from 'package:base':
    
     intersect, setdiff, setequal, union
    
    
    Attaching package: 'lubridate'
    
    The following object is masked from 'package:base':
    
     date
    
    Loading required package: edeaR
    Loading required package: eventdataR
    Loading required package: processmapR
    Loading required package: xesreadR
    Loading required package: processmonitR
    Loading required package: petrinetR
    
    Attaching package: 'bupaR'
    
    The following object is masked from 'package:stats':
    
     filter
    
    The following object is masked from 'package:utils':
    
     timestamp
    
    PhantomJS not found. You can install it with webshot::install_phantomjs(). If it is installed, please make sure the phantomjs executable can be found via the PATH variable.
    Quitting from lines 59-72 (use-timestamp-change-token-aes.Rmd)
    Error: processing vignette 'use-timestamp-change-token-aes.Rmd' failed with diagnostics:
    cannot open the connection
    --- failed re-building ‘use-timestamp-change-token-aes.Rmd’
    
    --- re-building ‘use-token_scales.Rmd’ using rmarkdown
    Warning in engine$weave(file, quiet = quiet, encoding = enc) :
     Pandoc (>= 1.12.3) and/or pandoc-citeproc not available. Falling back to R Markdown v1.
    PhantomJS not found. You can install it with webshot::install_phantomjs(). If it is installed, please make sure the phantomjs executable can be found via the PATH variable.
    Quitting from lines 23-31 (use-token_scales.Rmd)
    Error: processing vignette 'use-token_scales.Rmd' failed with diagnostics:
    cannot open the connection
    --- failed re-building ‘use-token_scales.Rmd’
    
    --- re-building ‘use-with-shiny.Rmd’ using rmarkdown
    Warning in engine$weave(file, quiet = quiet, encoding = enc) :
     Pandoc (>= 1.12.3) and/or pandoc-citeproc not available. Falling back to R Markdown v1.
    --- finished re-building ‘use-with-shiny.Rmd’
    
    SUMMARY: processing the following files failed:
     ‘use-external-data-to-change-tokens.Rmd’
     ‘use-timestamp-change-token-aes.Rmd’ ‘use-token_scales.Rmd’
    
    Error: Vignette re-building failed.
    Execution halted
Flavor: r-release-osx-x86_64

Version: 1.0.1
Check: re-building of vignette outputs
Result: WARN
    Error in re-building vignettes:
     ...
    
     intersect, setdiff, setequal, union
    
    Loading required package: edeaR
    Loading required package: eventdataR
    Loading required package: processmapR
    Loading required package: xesreadR
    Loading required package: processmonitR
    Loading required package: petrinetR
    
    Attaching package: 'bupaR'
    
    The following object is masked from 'package:stats':
    
     filter
    
    The following object is masked from 'package:utils':
    
     timestamp
    
    PhantomJS not found. You can install it with webshot::install_phantomjs(). If it is installed, please make sure the phantomjs executable can be found via the PATH variable.
    Quitting from lines 23-49 (use-external-data-to-change-tokens.Rmd)
    Error: processing vignette 'use-external-data-to-change-tokens.Rmd' failed with diagnostics:
    cannot open the connection
    Execution halted
Flavor: r-oldrel-osx-x86_64