Last updated on 2023-01-26 19:49:35 CET.
Flavor | Version | Tinstall | Tcheck | Ttotal | Status | Flags |
---|---|---|---|---|---|---|
r-devel-linux-x86_64-debian-clang | 0.1.2 | 9.16 | 67.34 | 76.50 | OK | |
r-devel-linux-x86_64-debian-gcc | 0.1.2 | 5.30 | 51.05 | 56.35 | OK | |
r-devel-linux-x86_64-fedora-clang | 0.1.2 | 97.78 | NOTE | |||
r-devel-linux-x86_64-fedora-gcc | 0.1.2 | 88.17 | NOTE | |||
r-patched-linux-x86_64 | 0.1.2 | 8.74 | 67.51 | 76.25 | OK | |
r-release-linux-x86_64 | 0.1.2 | 8.06 | 66.73 | 74.79 | OK | |
r-release-macos-arm64 | 0.1.2 | 33.00 | NOTE | |||
r-release-macos-x86_64 | 0.1.2 | 49.00 | NOTE | |||
r-release-windows-x86_64 | 0.1.2 | 25.00 | 96.00 | 121.00 | OK | |
r-oldrel-macos-arm64 | 0.1.2 | 33.00 | NOTE | |||
r-oldrel-macos-x86_64 | 0.1.2 | 43.00 | NOTE | |||
r-oldrel-windows-ix86+x86_64 | 0.1.2 | 20.00 | 90.00 | 110.00 | OK |
Version: 0.1.2
Check: data for non-ASCII characters
Result: NOTE
Note: found 2 marked UTF-8 strings
Flavors: r-devel-linux-x86_64-fedora-clang, r-devel-linux-x86_64-fedora-gcc, r-release-macos-arm64, r-release-macos-x86_64, r-oldrel-macos-arm64, r-oldrel-macos-x86_64