CRAN Package Check Results for Package prismatic

Last updated on 2021-09-27 21:49:16 CEST.

Flavor Version Tinstall Tcheck Ttotal Status Flags
r-devel-linux-x86_64-debian-clang 1.0.0 3.04 28.82 31.86 NOTE
r-devel-linux-x86_64-debian-gcc 1.0.0 2.35 22.19 24.54 NOTE
r-devel-linux-x86_64-fedora-clang 1.0.0 46.26 NOTE
r-devel-linux-x86_64-fedora-gcc 1.0.0 41.04 NOTE
r-devel-windows-x86_64 1.0.0 5.00 35.00 40.00 NOTE
r-devel-windows-x86_64-gcc10-UCRT 1.0.0 NOTE
r-patched-linux-x86_64 1.0.0 2.54 27.33 29.87 NOTE
r-patched-solaris-x86 1.0.0 56.40 NOTE
r-release-linux-x86_64 1.0.0 2.77 27.70 30.47 NOTE
r-release-macos-arm64 1.0.0 NOTE
r-release-macos-x86_64 1.0.0 NOTE
r-release-windows-ix86+x86_64 1.0.0 9.00 34.00 43.00 NOTE
r-oldrel-macos-x86_64 1.0.0 OK
r-oldrel-windows-ix86+x86_64 1.0.0 25.00 35.00 60.00 OK

Check Details

Version: 1.0.0
Check: LazyData
Result: NOTE
     'LazyData' is specified without a 'data' directory
Flavors: r-devel-linux-x86_64-debian-clang, r-devel-linux-x86_64-debian-gcc, r-devel-linux-x86_64-fedora-clang, r-devel-linux-x86_64-fedora-gcc, r-devel-windows-x86_64, r-devel-windows-x86_64-gcc10-UCRT, r-patched-linux-x86_64, r-patched-solaris-x86, r-release-linux-x86_64, r-release-macos-arm64, r-release-macos-x86_64, r-release-windows-ix86+x86_64