CRAN Package Check Results for Package prioGene

Last updated on 2020-07-14 09:50:44 CEST.

Flavor Version Tinstall Tcheck Ttotal Status Flags
r-devel-linux-x86_64-debian-clang 1.0.1 18.01 148.06 166.07 OK
r-devel-linux-x86_64-debian-gcc 1.0.1 15.24 113.12 128.36 OK
r-devel-linux-x86_64-fedora-clang 1.0.1 207.41 OK
r-devel-linux-x86_64-fedora-gcc 1.0.1 207.88 OK
r-devel-windows-ix86+x86_64 1.0.1 42.00 162.00 204.00 OK
r-patched-linux-x86_64 1.0.1 16.22 143.71 159.93 OK
r-patched-solaris-x86 1.0.1 295.30 OK
r-release-linux-x86_64 1.0.1 18.37 146.46 164.83 OK
r-release-macos-x86_64 1.0.1 ERROR
r-release-windows-ix86+x86_64 1.0.1 43.00 136.00 179.00 OK
r-oldrel-macos-x86_64 1.0.1 ERROR
r-oldrel-windows-ix86+x86_64 1.0.1 51.00 181.00 232.00 OK

Check Details

Version: 1.0.1
Check: whether package can be installed
Result: ERROR
    Installation failed.
Flavor: r-release-macos-x86_64

Version: 1.0.1
Check: package dependencies
Result: ERROR
    Package required but not available: ‘org.Hs.eg.db’
    
    See section ‘The DESCRIPTION file’ in the ‘Writing R Extensions’
    manual.
Flavor: r-oldrel-macos-x86_64