CRAN Package Check Results for Package primer

Last updated on 2024-02-29 07:52:44 CET.

Flavor Version Tinstall Tcheck Ttotal Status Flags
r-devel-linux-x86_64-debian-clang 1.2.0 8.20 69.69 77.89 NOTE
r-devel-linux-x86_64-debian-gcc 1.2.0 5.72 52.32 58.04 NOTE
r-devel-linux-x86_64-fedora-clang 1.2.0 93.54 NOTE
r-devel-linux-x86_64-fedora-gcc 1.2.0 91.23 NOTE
r-devel-windows-x86_64 1.2.0 8.00 79.00 87.00 OK
r-patched-linux-x86_64 1.2.0 7.93 68.04 75.97 OK
r-release-linux-x86_64 1.2.0 4.56 66.92 71.48 OK
r-release-macos-arm64 1.2.0 30.00 OK
r-release-macos-x86_64 1.2.0 48.00 NOTE
r-release-windows-x86_64 1.2.0 10.00 92.00 102.00 OK
r-oldrel-macos-arm64 1.2.0 33.00 NOTE
r-oldrel-windows-x86_64 1.2.0 10.00 89.00 99.00 OK

Check Details

Version: 1.2.0
Check: Rd files
Result: NOTE checkRd: (-1) alogistic.Rd:20: Lost braces 20 | The user does not put these directly into this function, but rather uses code{ode} in the \code{deSolve} package. | ^ Flavors: r-devel-linux-x86_64-debian-clang, r-devel-linux-x86_64-debian-gcc, r-devel-linux-x86_64-fedora-clang, r-devel-linux-x86_64-fedora-gcc

Version: 1.2.0
Check: dependencies in R code
Result: NOTE Namespaces in Imports field not imported from: ‘tidyr’ ‘utils’ All declared Imports should be used. Flavors: r-devel-linux-x86_64-fedora-clang, r-devel-linux-x86_64-fedora-gcc, r-oldrel-macos-arm64

Version: 1.2.0
Check: package dependencies
Result: NOTE Package suggested but not available for checking: ‘bipartite’ Flavor: r-release-macos-x86_64