Last updated on 2023-02-06 19:54:32 CET.
Flavor | Version | Tinstall | Tcheck | Ttotal | Status | Flags |
---|---|---|---|---|---|---|
r-devel-linux-x86_64-debian-clang | 1.2.0 | 7.01 | 68.76 | 75.77 | OK | |
r-devel-linux-x86_64-debian-gcc | 1.2.0 | 5.85 | 51.55 | 57.40 | OK | |
r-devel-linux-x86_64-fedora-clang | 1.2.0 | 99.37 | NOTE | |||
r-devel-linux-x86_64-fedora-gcc | 1.2.0 | 90.93 | NOTE | |||
r-devel-windows-x86_64 | 1.2.0 | 24.00 | 116.00 | 140.00 | OK | |
r-patched-linux-x86_64 | 1.2.0 | 8.93 | 65.18 | 74.11 | OK | |
r-release-linux-x86_64 | 1.2.0 | 5.92 | 63.72 | 69.64 | OK | |
r-release-macos-arm64 | 1.2.0 | 33.00 | NOTE | |||
r-release-macos-x86_64 | 1.2.0 | 54.00 | NOTE | |||
r-release-windows-x86_64 | 1.2.0 | 34.00 | 113.00 | 147.00 | OK | |
r-oldrel-macos-arm64 | 1.2.0 | 35.00 | NOTE | |||
r-oldrel-macos-x86_64 | 1.2.0 | 48.00 | NOTE | |||
r-oldrel-windows-ix86+x86_64 | 1.2.0 | 16.00 | 99.00 | 115.00 | OK |
Version: 1.2.0
Check: dependencies in R code
Result: NOTE
Namespaces in Imports field not imported from:
‘tidyr’ ‘utils’
All declared Imports should be used.
Flavors: r-devel-linux-x86_64-fedora-clang, r-devel-linux-x86_64-fedora-gcc, r-release-macos-arm64, r-release-macos-x86_64, r-oldrel-macos-arm64, r-oldrel-macos-x86_64