CRAN Package Check Results for Package priceR

Last updated on 2021-09-26 20:49:17 CEST.

Flavor Version Tinstall Tcheck Ttotal Status Flags
r-devel-linux-x86_64-debian-clang 0.1.6 4.66 49.30 53.96 OK
r-devel-linux-x86_64-debian-gcc 0.1.6 3.56 36.62 40.18 OK
r-devel-linux-x86_64-fedora-clang 0.1.6 73.36 NOTE
r-devel-linux-x86_64-fedora-gcc 0.1.6 62.60 NOTE
r-devel-windows-x86_64 0.1.6 6.00 63.00 69.00 OK
r-devel-windows-x86_64-gcc10-UCRT 0.1.6 NOTE
r-patched-linux-x86_64 0.1.6 3.69 45.67 49.36 OK
r-patched-solaris-x86 0.1.6 93.80 NOTE
r-release-linux-x86_64 0.1.6 3.84 45.95 49.79 OK
r-release-macos-arm64 0.1.6 NOTE
r-release-macos-x86_64 0.1.6 NOTE
r-release-windows-ix86+x86_64 0.1.6 16.00 62.00 78.00 OK
r-oldrel-macos-x86_64 0.1.6 NOTE
r-oldrel-windows-ix86+x86_64 0.1.6 10.00 58.00 68.00 OK

Check Details

Version: 0.1.6
Check: dependencies in R code
Result: NOTE
    Namespaces in Imports field not imported from:
     ‘curl’ ‘lubridate’
     All declared Imports should be used.
Flavors: r-devel-linux-x86_64-fedora-clang, r-devel-linux-x86_64-fedora-gcc, r-devel-windows-x86_64-gcc10-UCRT, r-patched-solaris-x86, r-release-macos-arm64, r-release-macos-x86_64, r-oldrel-macos-x86_64