CRAN Package Check Results for Package prevtoinc

Last updated on 2021-10-24 20:51:12 CEST.

Flavor Version Tinstall Tcheck Ttotal Status Flags
r-devel-linux-x86_64-debian-clang 0.12.0 4.68 76.47 81.15 NOTE
r-devel-linux-x86_64-debian-gcc 0.12.0 3.67 56.32 59.99 NOTE
r-devel-linux-x86_64-fedora-clang 0.12.0 106.32 NOTE
r-devel-linux-x86_64-fedora-gcc 0.12.0 95.31 NOTE
r-devel-windows-x86_64 0.12.0 9.00 108.00 117.00 NOTE
r-devel-windows-x86_64-gcc10-UCRT 0.12.0 NOTE
r-patched-linux-x86_64 0.12.0 4.86 73.19 78.05 NOTE
r-patched-solaris-x86 0.12.0 138.20 NOTE
r-release-linux-x86_64 0.12.0 4.21 73.53 77.74 NOTE
r-release-macos-arm64 0.12.0 NOTE
r-release-macos-x86_64 0.12.0 NOTE
r-release-windows-ix86+x86_64 0.12.0 8.00 97.00 105.00 NOTE
r-oldrel-macos-x86_64 0.12.0 OK
r-oldrel-windows-ix86+x86_64 0.12.0 12.00 105.00 117.00 OK

Check Details

Version: 0.12.0
Check: LazyData
Result: NOTE
     'LazyData' is specified without a 'data' directory
Flavors: r-devel-linux-x86_64-debian-clang, r-devel-linux-x86_64-debian-gcc, r-devel-linux-x86_64-fedora-clang, r-devel-linux-x86_64-fedora-gcc, r-devel-windows-x86_64, r-devel-windows-x86_64-gcc10-UCRT, r-patched-linux-x86_64, r-patched-solaris-x86, r-release-linux-x86_64, r-release-macos-arm64, r-release-macos-x86_64, r-release-windows-ix86+x86_64