CRAN Package Check Results for Package prettydoc

Last updated on 2024-06-16 21:52:12 CEST.

Flavor Version Tinstall Tcheck Ttotal Status Flags
r-devel-linux-x86_64-debian-clang 0.4.1 3.88 50.03 53.91 NOTE
r-devel-linux-x86_64-debian-gcc 0.4.1 2.86 38.33 41.19 NOTE
r-devel-linux-x86_64-fedora-clang 0.4.1 68.19 NOTE
r-devel-linux-x86_64-fedora-gcc 0.4.1 77.90 NOTE
r-devel-windows-x86_64 0.4.1 4.00 62.00 66.00 NOTE
r-patched-linux-x86_64 0.4.1 3.98 48.92 52.90 NOTE
r-release-linux-x86_64 0.4.1 3.65 47.54 51.19 NOTE
r-release-macos-arm64 0.4.1 34.00 NOTE
r-release-macos-x86_64 0.4.1 47.00 NOTE
r-release-windows-x86_64 0.4.1 5.00 65.00 70.00 NOTE
r-oldrel-macos-arm64 0.4.1 36.00 NOTE
r-oldrel-macos-x86_64 0.4.1 47.00 NOTE
r-oldrel-windows-x86_64 0.4.1 5.00 67.00 72.00 NOTE

Check Details

Version: 0.4.1
Check: LazyData
Result: NOTE 'LazyData' is specified without a 'data' directory Flavors: r-devel-linux-x86_64-debian-clang, r-devel-linux-x86_64-debian-gcc, r-devel-linux-x86_64-fedora-clang, r-devel-linux-x86_64-fedora-gcc, r-devel-windows-x86_64, r-patched-linux-x86_64, r-release-linux-x86_64, r-release-macos-arm64, r-release-macos-x86_64, r-release-windows-x86_64, r-oldrel-macos-arm64, r-oldrel-macos-x86_64, r-oldrel-windows-x86_64