CRAN Package Check Results for Package presenter

Last updated on 2024-03-01 19:49:08 CET.

Flavor Version Tinstall Tcheck Ttotal Status Flags
r-devel-linux-x86_64-debian-clang 0.1.2 2.83 64.69 67.52 NOTE
r-devel-linux-x86_64-debian-gcc 0.1.2 2.91 49.24 52.15 NOTE
r-devel-linux-x86_64-fedora-clang 0.1.2 85.26 NOTE
r-devel-linux-x86_64-fedora-gcc 0.1.2 101.15 NOTE
r-devel-windows-x86_64 0.1.2 5.00 72.00 77.00 OK
r-patched-linux-x86_64 0.1.2 2.65 63.27 65.92 OK
r-release-linux-x86_64 0.1.2 2.42 63.65 66.07 OK
r-release-macos-arm64 0.1.2 43.00 OK
r-release-macos-x86_64 0.1.2 65.00 OK
r-release-windows-x86_64 0.1.2 7.00 80.00 87.00 OK
r-oldrel-macos-arm64 0.1.2 27.00 OK
r-oldrel-windows-x86_64 0.1.2 8.00 82.00 90.00 OK

Check Details

Version: 0.1.2
Check: Rd files
Result: NOTE checkRd: (-1) format_number.Rd:36: Lost braces in \itemize; meant \describe ? checkRd: (-1) format_number.Rd:37: Lost braces in \itemize; meant \describe ? checkRd: (-1) format_number.Rd:38: Lost braces in \itemize; meant \describe ? Flavors: r-devel-linux-x86_64-debian-clang, r-devel-linux-x86_64-debian-gcc, r-devel-linux-x86_64-fedora-clang, r-devel-linux-x86_64-fedora-gcc