CRAN Package Check Results for Package preferably

Last updated on 2021-09-23 08:51:14 CEST.

Flavor Version Tinstall Tcheck Ttotal Status Flags
r-devel-linux-x86_64-debian-clang 0.3.1 2.24 21.62 23.86 OK
r-devel-linux-x86_64-debian-gcc 0.3.1 1.73 17.07 18.80 OK
r-devel-linux-x86_64-fedora-clang 0.3.1 36.94 NOTE
r-devel-linux-x86_64-fedora-gcc 0.3.1 26.97 NOTE
r-devel-windows-x86_64 0.3.1 3.00 29.00 32.00 OK
r-devel-windows-x86_64-gcc10-UCRT 0.3.1 ERROR
r-patched-linux-x86_64 0.3.1 1.79 20.66 22.45 OK
r-patched-solaris-x86 0.3.1 44.00 NOTE
r-release-linux-x86_64 0.3.1 2.21 20.59 22.80 OK
r-release-macos-arm64 0.3.1 NOTE
r-release-macos-x86_64 0.3.1 NOTE
r-release-windows-ix86+x86_64 0.3.1 5.00 28.00 33.00 OK
r-oldrel-macos-x86_64 0.3.1 NOTE
r-oldrel-windows-ix86+x86_64 0.3.1 5.00 30.00 35.00 OK

Check Details

Version: 0.3.1
Check: dependencies in R code
Result: NOTE
    Namespaces in Imports field not imported from:
     ‘knitr’ ‘pkgdown’ ‘rmarkdown’
     All declared Imports should be used.
Flavors: r-devel-linux-x86_64-fedora-clang, r-devel-linux-x86_64-fedora-gcc, r-patched-solaris-x86, r-release-macos-arm64, r-release-macos-x86_64, r-oldrel-macos-x86_64

Version: 0.3.1
Check: package dependencies
Result: ERROR
    Package required but not available: 'pkgdown'
    
    See section 'The DESCRIPTION file' in the 'Writing R Extensions'
    manual.
Flavor: r-devel-windows-x86_64-gcc10-UCRT