CRAN Package Check Results for Package predictrace

Last updated on 2019-08-25 10:46:27 CEST.

Flavor Version Tinstall Tcheck Ttotal Status Flags
r-devel-linux-x86_64-debian-clang 1.0.0 11.83 32.33 44.16 OK
r-devel-linux-x86_64-debian-gcc 1.0.0 11.31 26.48 37.79 OK
r-devel-linux-x86_64-fedora-clang 1.0.0 55.31 NOTE
r-devel-linux-x86_64-fedora-gcc 1.0.0 55.31 NOTE
r-devel-windows-ix86+x86_64 1.0.0 19.00 42.00 61.00 OK
r-patched-linux-x86_64 1.0.0 11.02 31.89 42.91 OK
r-patched-solaris-x86 1.0.0 93.80 NOTE
r-release-linux-x86_64 1.0.0 11.53 31.40 42.93 OK
r-release-windows-ix86+x86_64 1.0.0 24.00 57.00 81.00 OK
r-release-osx-x86_64 1.0.0 NOTE
r-oldrel-windows-ix86+x86_64 1.0.0 20.00 57.00 77.00 OK
r-oldrel-osx-x86_64 1.0.0 NOTE

Check Details

Version: 1.0.0
Check: dependencies in R code
Result: NOTE
    Namespaces in Imports field not imported from:
     ‘here’ ‘tidyr’
     All declared Imports should be used.
Flavors: r-devel-linux-x86_64-fedora-clang, r-devel-linux-x86_64-fedora-gcc, r-patched-solaris-x86, r-release-osx-x86_64, r-oldrel-osx-x86_64