CRAN Package Check Results for Package prcr

Last updated on 2024-02-29 07:52:44 CET.

Flavor Version Tinstall Tcheck Ttotal Status Flags
r-devel-linux-x86_64-debian-clang 0.2.1 5.75 58.94 64.69 OK
r-devel-linux-x86_64-debian-gcc 0.2.1 4.40 46.15 50.55 OK
r-devel-linux-x86_64-fedora-clang 0.2.1 80.96 NOTE
r-devel-linux-x86_64-fedora-gcc 0.2.1 91.08 NOTE
r-devel-windows-x86_64 0.2.1 6.00 65.00 71.00 OK
r-patched-linux-x86_64 0.2.1 5.57 58.91 64.48 OK
r-release-linux-x86_64 0.2.1 3.92 58.66 62.58 OK
r-release-macos-arm64 0.2.1 35.00 OK
r-release-macos-x86_64 0.2.1 47.00 OK
r-release-windows-x86_64 0.2.1 8.00 69.00 77.00 OK
r-oldrel-macos-arm64 0.2.1 29.00 NOTE
r-oldrel-windows-x86_64 0.2.1 8.00 78.00 86.00 OK

Check Details

Version: 0.2.1
Check: dependencies in R code
Result: NOTE Namespaces in Imports field not imported from: ‘class’ ‘forcats’ ‘irr’ ‘lpSolve’ ‘purrr’ All declared Imports should be used. Flavors: r-devel-linux-x86_64-fedora-clang, r-devel-linux-x86_64-fedora-gcc, r-oldrel-macos-arm64