Last updated on 2023-02-03 08:54:04 CET.
Flavor | Version | Tinstall | Tcheck | Ttotal | Status | Flags |
---|---|---|---|---|---|---|
r-devel-linux-x86_64-debian-clang | 0.2.1 | 6.45 | 60.47 | 66.92 | OK | |
r-devel-linux-x86_64-debian-gcc | 0.2.1 | 4.43 | 45.11 | 49.54 | OK | |
r-devel-linux-x86_64-fedora-clang | 0.2.1 | 85.04 | NOTE | |||
r-devel-linux-x86_64-fedora-gcc | 0.2.1 | 89.37 | NOTE | |||
r-devel-windows-x86_64 | 0.2.1 | 13.00 | 93.00 | 106.00 | OK | |
r-patched-linux-x86_64 | 0.2.1 | 3.92 | 57.45 | 61.37 | OK | |
r-release-linux-x86_64 | 0.2.1 | 6.29 | 59.01 | 65.30 | OK | |
r-release-macos-arm64 | 0.2.1 | 29.00 | NOTE | |||
r-release-macos-x86_64 | 0.2.1 | 51.00 | NOTE | |||
r-release-windows-x86_64 | 0.2.1 | 15.00 | 102.00 | 117.00 | OK | |
r-oldrel-macos-arm64 | 0.2.1 | 37.00 | NOTE | |||
r-oldrel-macos-x86_64 | 0.2.1 | 48.00 | NOTE | |||
r-oldrel-windows-ix86+x86_64 | 0.2.1 | 14.00 | 88.00 | 102.00 | OK |
Version: 0.2.1
Check: dependencies in R code
Result: NOTE
Namespaces in Imports field not imported from:
‘class’ ‘forcats’ ‘irr’ ‘lpSolve’ ‘purrr’
All declared Imports should be used.
Flavors: r-devel-linux-x86_64-fedora-clang, r-devel-linux-x86_64-fedora-gcc, r-release-macos-arm64, r-release-macos-x86_64, r-oldrel-macos-arm64, r-oldrel-macos-x86_64