CRAN Package Check Results for Package powerMediation

Last updated on 2021-09-20 08:50:35 CEST.

Flavor Version Tinstall Tcheck Ttotal Status Flags
r-devel-linux-x86_64-debian-clang 0.3.4 3.55 29.56 33.11 OK
r-devel-linux-x86_64-debian-gcc 0.3.4 2.64 23.16 25.80 OK
r-devel-linux-x86_64-fedora-clang 0.3.4 48.75 OK
r-devel-linux-x86_64-fedora-gcc 0.3.4 38.25 OK
r-devel-windows-x86_64 0.3.4 5.00 37.00 42.00 OK
r-devel-windows-x86_64-gcc10-UCRT 0.3.4 ERROR
r-patched-linux-x86_64 0.3.4 3.80 28.76 32.56 OK
r-patched-solaris-x86 0.3.4 55.20 OK
r-release-linux-x86_64 0.3.4 2.82 28.74 31.56 OK
r-release-macos-arm64 0.3.4 OK
r-release-macos-x86_64 0.3.4 OK
r-release-windows-ix86+x86_64 0.3.4 8.00 36.00 44.00 OK
r-oldrel-macos-x86_64 0.3.4 OK
r-oldrel-windows-ix86+x86_64 0.3.4 5.00 35.00 40.00 OK

Check Details

Version: 0.3.4
Check: whether package can be installed
Result: WARN
    Found the following significant warnings:
     WARNING: installation-time patches will not be applied, could not get the patches index
Flavor: r-devel-windows-x86_64-gcc10-UCRT

Version: 0.3.4
Check: PDF version of manual
Result: WARN
    LaTeX errors when creating PDF version.
    This typically indicates Rd problems.
Flavor: r-devel-windows-x86_64-gcc10-UCRT

Version: 0.3.4
Check: PDF version of manual without hyperrefs or index
Result: ERROR
    Re-running with no redirection of stdout/stderr.
Flavor: r-devel-windows-x86_64-gcc10-UCRT