CRAN Package Check Results for Package powdR

Last updated on 2021-12-05 07:49:19 CET.

Flavor Version Tinstall Tcheck Ttotal Status Flags
r-devel-linux-x86_64-debian-clang 1.3.0 11.17 230.59 241.76 OK
r-devel-linux-x86_64-debian-gcc 1.3.0 6.33 160.84 167.17 OK
r-devel-linux-x86_64-fedora-clang 1.3.0 277.06 NOTE
r-devel-linux-x86_64-fedora-gcc 1.3.0 265.53 OK
r-devel-windows-x86_64-new-UL 1.3.0 26.00 277.00 303.00 OK
r-devel-windows-x86_64-new-TK 1.3.0 OK
r-devel-windows-x86_64-old 1.3.0 14.00 206.00 220.00 OK
r-patched-linux-x86_64 1.3.0 10.53 210.93 221.46 OK
r-release-linux-x86_64 1.3.0 10.68 215.26 225.94 OK
r-release-macos-arm64 1.3.0 OK
r-release-macos-x86_64 1.3.0 OK
r-release-windows-ix86+x86_64 1.3.0 21.00 282.00 303.00 OK
r-oldrel-macos-x86_64 1.3.0 OK
r-oldrel-windows-ix86+x86_64 1.3.0 21.00 275.00 296.00 OK

Check Details

Version: 1.3.0
Check: installed package size
Result: NOTE
     installed size is 5.0Mb
     sub-directories of 1Mb or more:
     data 1.1Mb
     doc 3.0Mb
Flavor: r-devel-linux-x86_64-fedora-clang