CRAN Package Check Results for Package postlightmercury

Last updated on 2024-02-24 19:50:48 CET.

Flavor Version Tinstall Tcheck Ttotal Status Flags
r-devel-linux-x86_64-debian-clang 1.2 2.11 22.65 24.76 NOTE
r-devel-linux-x86_64-debian-gcc 1.2 1.64 17.87 19.51 NOTE
r-devel-linux-x86_64-fedora-clang 1.2 32.70 NOTE
r-devel-linux-x86_64-fedora-gcc 1.2 31.68 NOTE
r-devel-windows-x86_64 1.2 3.00 40.00 43.00 NOTE
r-patched-linux-x86_64 1.2 2.14 22.93 25.07 NOTE
r-release-linux-x86_64 1.2 1.70 22.64 24.34 NOTE
r-release-macos-arm64 1.2 19.00 NOTE
r-release-macos-x86_64 1.2 20.00 NOTE
r-release-windows-x86_64 1.2 3.00 41.00 44.00 NOTE
r-oldrel-macos-arm64 1.2 16.00 NOTE
r-oldrel-windows-x86_64 1.2 3.00 45.00 48.00 NOTE

Check Details

Version: 1.2
Check: LazyData
Result: NOTE 'LazyData' is specified without a 'data' directory Flavors: r-devel-linux-x86_64-debian-clang, r-devel-linux-x86_64-debian-gcc, r-devel-linux-x86_64-fedora-clang, r-devel-linux-x86_64-fedora-gcc, r-devel-windows-x86_64, r-patched-linux-x86_64, r-release-linux-x86_64, r-release-macos-arm64, r-release-macos-x86_64, r-release-windows-x86_64, r-oldrel-macos-arm64, r-oldrel-windows-x86_64