CRAN Package Check Results for Package postGGIR

Last updated on 2023-02-06 19:54:32 CET.

Flavor Version Tinstall Tcheck Ttotal Status Flags
r-devel-linux-x86_64-debian-clang 2.4.0.2 27.12 204.56 231.68 OK
r-devel-linux-x86_64-debian-gcc 2.4.0.2 23.17 149.20 172.37 OK
r-devel-linux-x86_64-fedora-clang 2.4.0.2 288.60 NOTE
r-devel-linux-x86_64-fedora-gcc 2.4.0.2 309.49 NOTE
r-devel-windows-x86_64 2.4.0.2 78.00 215.00 293.00 OK
r-patched-linux-x86_64 2.4.0.2 26.50 194.80 221.30 OK
r-release-linux-x86_64 2.4.0.2 24.17 195.27 219.44 OK
r-release-macos-arm64 2.4.0.2 75.00 NOTE
r-release-macos-x86_64 2.4.0.2 144.00 NOTE
r-release-windows-x86_64 2.4.0.2 71.00 221.00 292.00 OK
r-oldrel-macos-arm64 2.4.0.2 73.00 NOTE
r-oldrel-macos-x86_64 2.4.0.2 111.00 NOTE
r-oldrel-windows-ix86+x86_64 2.4.0.2 59.00 203.00 262.00 OK

Check Details

Version: 2.4.0.2
Check: dependencies in R code
Result: NOTE
    Namespaces in Imports field not imported from:
     ‘ActCR’ ‘ActFrag’ ‘tidyr’
     All declared Imports should be used.
Flavors: r-devel-linux-x86_64-fedora-clang, r-devel-linux-x86_64-fedora-gcc, r-release-macos-arm64, r-release-macos-x86_64, r-oldrel-macos-arm64, r-oldrel-macos-x86_64