Last updated on 2023-02-07 09:57:52 CET.
Flavor | Version | Tinstall | Tcheck | Ttotal | Status | Flags |
---|---|---|---|---|---|---|
r-devel-linux-x86_64-debian-clang | 1.0.2 | 131.65 | 427.66 | 559.31 | NOTE | |
r-devel-linux-x86_64-debian-gcc | 1.0.2 | 114.96 | 310.71 | 425.67 | NOTE | |
r-devel-linux-x86_64-fedora-clang | 1.0.2 | 673.30 | NOTE | |||
r-devel-linux-x86_64-fedora-gcc | 1.0.2 | 736.43 | NOTE | |||
r-devel-windows-x86_64 | 1.0.2 | 219.00 | 477.00 | 696.00 | NOTE | |
r-patched-linux-x86_64 | 1.0.2 | 100.87 | 407.87 | 508.74 | OK | |
r-release-linux-x86_64 | 1.0.2 | 109.14 | 399.75 | 508.89 | OK | |
r-release-macos-arm64 | 1.0.2 | 154.00 | NOTE | |||
r-release-macos-x86_64 | 1.0.2 | 247.00 | NOTE | |||
r-release-windows-x86_64 | 1.0.2 | 245.00 | 497.00 | 742.00 | NOTE | |
r-oldrel-macos-arm64 | 1.0.2 | 153.00 | NOTE | |||
r-oldrel-macos-x86_64 | 1.0.2 | 245.00 | NOTE | |||
r-oldrel-windows-ix86+x86_64 | 1.0.2 | 299.00 | 859.00 | 1158.00 | NOTE |
Version: 1.0.2
Check: C++ specification
Result: NOTE
Specified C++11: please update to current default of C++17
Flavors: r-devel-linux-x86_64-debian-clang, r-devel-linux-x86_64-debian-gcc, r-devel-linux-x86_64-fedora-clang, r-devel-windows-x86_64
Version: 1.0.2
Check: installed package size
Result: NOTE
installed size is 5.4Mb
sub-directories of 1Mb or more:
libs 4.5Mb
Flavors: r-devel-linux-x86_64-fedora-clang, r-devel-windows-x86_64, r-release-macos-arm64, r-release-macos-x86_64, r-release-windows-x86_64, r-oldrel-macos-arm64, r-oldrel-macos-x86_64, r-oldrel-windows-ix86+x86_64
Version: 1.0.2
Check: C++ specification
Result: NOTE
Specified C++11: please drop specification unless essential
Flavor: r-devel-linux-x86_64-fedora-gcc