CRAN Package Check Results for Package poppr

Last updated on 2022-12-05 20:53:16 CET.

Flavor Version Tinstall Tcheck Ttotal Status Flags
r-devel-linux-x86_64-debian-clang 2.9.3 41.30 266.99 308.29 WARN
r-devel-linux-x86_64-debian-gcc 2.9.3 29.49 197.89 227.38 WARN
r-devel-linux-x86_64-fedora-clang 2.9.3 383.58 WARN
r-devel-linux-x86_64-fedora-gcc 2.9.3 382.56 WARN
r-devel-windows-x86_64 2.9.3 111.00 343.00 454.00 NOTE
r-patched-linux-x86_64 2.9.3 38.33 247.23 285.56 NOTE
r-release-linux-x86_64 2.9.3 28.71 243.10 271.81 NOTE
r-release-macos-arm64 2.9.3 82.00 OK
r-release-macos-x86_64 2.9.3 172.00 NOTE
r-release-windows-x86_64 2.9.3 82.00 326.00 408.00 OK
r-oldrel-macos-arm64 2.9.3 167.00 OK
r-oldrel-macos-x86_64 2.9.3 156.00 OK
r-oldrel-windows-ix86+x86_64 2.9.3 78.00 400.00 478.00 OK

Check Details

Version: 2.9.3
Check: package dependencies
Result: NOTE
    Package suggested but not available for checking: 'RClone'
Flavors: r-devel-linux-x86_64-debian-clang, r-devel-linux-x86_64-debian-gcc, r-devel-linux-x86_64-fedora-clang, r-devel-linux-x86_64-fedora-gcc, r-patched-linux-x86_64, r-release-linux-x86_64, r-release-macos-x86_64

Version: 2.9.3
Check: whether package can be installed
Result: WARN
    Found the following significant warnings:
     init.c:24:21: warning: a function declaration without a prototype is deprecated in all versions of C [-Wstrict-prototypes]
     omp_test.c:7:14: warning: a function declaration without a prototype is deprecated in all versions of C [-Wstrict-prototypes]
Flavors: r-devel-linux-x86_64-debian-clang, r-devel-linux-x86_64-fedora-clang

Version: 2.9.3
Check: Rd files
Result: NOTE
    checkRd: (-1) genetic_distance.Rd:106: Escaped LaTeX specials: \~
Flavors: r-devel-linux-x86_64-debian-clang, r-devel-linux-x86_64-debian-gcc, r-devel-linux-x86_64-fedora-clang, r-devel-linux-x86_64-fedora-gcc, r-devel-windows-x86_64

Version: 2.9.3
Check: whether package can be installed
Result: WARN
    Found the following significant warnings:
     init.c:24:1: warning: function declaration isn’t a prototype [-Wstrict-prototypes]
     omp_test.c:7:6: warning: function declaration isn’t a prototype [-Wstrict-prototypes]
Flavors: r-devel-linux-x86_64-debian-gcc, r-devel-linux-x86_64-fedora-gcc