CRAN Package Check Results for Package poolVIM

Last updated on 2024-02-26 19:50:17 CET.

Flavor Version Tinstall Tcheck Ttotal Status Flags
r-devel-linux-x86_64-debian-clang 1.0.0 11.60 100.21 111.81 NOTE
r-devel-linux-x86_64-debian-gcc 1.0.0 9.17 74.06 83.23 NOTE
r-devel-linux-x86_64-fedora-clang 1.0.0 137.11 NOTE
r-devel-linux-x86_64-fedora-gcc 1.0.0 128.14 NOTE
r-devel-windows-x86_64 1.0.0 11.00 86.00 97.00 NOTE
r-patched-linux-x86_64 1.0.0 8.75 95.92 104.67 NOTE
r-release-linux-x86_64 1.0.0 7.52 95.24 102.76 NOTE
r-release-macos-arm64 1.0.0 43.00 NOTE
r-release-macos-x86_64 1.0.0 66.00 NOTE
r-release-windows-x86_64 1.0.0 15.00 97.00 112.00 NOTE
r-oldrel-macos-arm64 1.0.0 10.00 ERROR
r-oldrel-windows-x86_64 1.0.0 15.00 106.00 121.00 NOTE

Check Details

Version: 1.0.0
Check: LazyData
Result: NOTE 'LazyData' is specified without a 'data' directory Flavors: r-devel-linux-x86_64-debian-clang, r-devel-linux-x86_64-debian-gcc, r-devel-linux-x86_64-fedora-clang, r-devel-linux-x86_64-fedora-gcc, r-devel-windows-x86_64, r-patched-linux-x86_64, r-release-linux-x86_64, r-release-macos-arm64, r-release-macos-x86_64, r-release-windows-x86_64, r-oldrel-windows-x86_64

Version: 1.0.0
Check: package dependencies
Result: ERROR Package required but not available: ‘EmpiricalBrownsMethod’ See section ‘The DESCRIPTION file’ in the ‘Writing R Extensions’ manual. Flavor: r-oldrel-macos-arm64