CRAN Package Check Results for Package pomdp

Last updated on 2020-07-14 09:50:43 CEST.

Flavor Version Tinstall Tcheck Ttotal Status Flags
r-devel-linux-x86_64-debian-clang 0.99.0 23.89 45.35 69.24 OK
r-devel-linux-x86_64-debian-gcc 0.99.0 18.34 36.63 54.97 OK
r-devel-linux-x86_64-fedora-clang 0.99.0 95.89 OK
r-devel-linux-x86_64-fedora-gcc 0.99.0 90.74 OK
r-devel-windows-ix86+x86_64 0.99.0 87.00 90.00 177.00 OK
r-patched-linux-x86_64 0.99.0 20.57 45.89 66.46 OK
r-patched-solaris-x86 0.99.0 128.30 OK
r-release-linux-x86_64 0.99.0 20.54 46.26 66.80 OK
r-release-macos-x86_64 0.99.0 ERROR
r-release-windows-ix86+x86_64 0.99.0 75.00 80.00 155.00 OK
r-oldrel-macos-x86_64 0.99.0 OK
r-oldrel-windows-ix86+x86_64 0.99.0 74.00 118.00 192.00 OK

Check Details

Version: 0.99.0
Check: whether package can be installed
Result: ERROR
    Installation failed.
Flavor: r-release-macos-x86_64