CRAN Package Check Results for Package polyqtlR

Last updated on 2024-02-27 19:54:47 CET.

Flavor Version Tinstall Tcheck Ttotal Status Flags
r-devel-linux-x86_64-debian-clang 0.1.1 45.69 109.48 155.17 OK
r-devel-linux-x86_64-debian-gcc 0.1.1 31.53 80.51 112.04 OK
r-devel-linux-x86_64-fedora-clang 0.1.1 195.89 NOTE
r-devel-linux-x86_64-fedora-gcc 0.1.1 215.45 OK
r-devel-windows-x86_64 0.1.1 36.00 124.00 160.00 NOTE
r-patched-linux-x86_64 0.1.1 34.65 106.59 141.24 OK
r-release-linux-x86_64 0.1.1 30.38 107.22 137.60 OK
r-release-macos-arm64 0.1.1 52.00 NOTE
r-release-macos-x86_64 0.1.1 124.00 NOTE
r-release-windows-x86_64 0.1.1 47.00 148.00 195.00 NOTE
r-oldrel-macos-arm64 0.1.1 61.00 NOTE
r-oldrel-windows-x86_64 0.1.1 45.00 134.00 179.00 NOTE

Check Details

Version: 0.1.1
Check: installed package size
Result: NOTE installed size is 5.1Mb sub-directories of 1Mb or more: data 2.6Mb doc 1.8Mb Flavors: r-devel-linux-x86_64-fedora-clang, r-devel-windows-x86_64, r-release-macos-arm64, r-release-macos-x86_64, r-release-windows-x86_64, r-oldrel-macos-arm64, r-oldrel-windows-x86_64