CRAN Package Check Results for Package polymapR

Last updated on 2024-02-22 19:55:40 CET.

Flavor Version Tinstall Tcheck Ttotal Status Flags
r-devel-linux-x86_64-debian-clang 1.1.5 OK
r-devel-linux-x86_64-debian-gcc 1.1.5 353.99 897.02 1251.01 OK
r-devel-linux-x86_64-fedora-clang 1.1.5 2639.26 NOTE
r-devel-linux-x86_64-fedora-gcc 1.1.5 2594.75 OK
r-devel-windows-x86_64 1.1.5 372.00 601.00 973.00 NOTE
r-patched-linux-x86_64 1.1.5 447.53 1291.04 1738.57 OK
r-release-linux-x86_64 1.1.5 436.07 1290.42 1726.49 OK
r-release-macos-arm64 1.1.5 285.00 NOTE
r-release-macos-x86_64 1.1.5 562.00 NOTE
r-release-windows-x86_64 1.1.5 437.00 827.00 1264.00 NOTE
r-oldrel-macos-arm64 1.1.5 284.00 NOTE
r-oldrel-windows-x86_64 1.1.5 442.00 807.00 1249.00 NOTE

Check Details

Version: 1.1.5
Check: installed package size
Result: NOTE installed size is 11.8Mb sub-directories of 1Mb or more: R 6.3Mb data 4.3Mb Flavors: r-devel-linux-x86_64-fedora-clang, r-devel-windows-x86_64, r-release-macos-arm64, r-release-macos-x86_64, r-release-windows-x86_64, r-oldrel-macos-arm64, r-oldrel-windows-x86_64