CRAN Package Check Results for Package polyaAeppli

Last updated on 2020-10-28 07:49:53 CET.

Flavor Version Tinstall Tcheck Ttotal Status Flags
r-devel-linux-x86_64-debian-clang 2.0 2.30 23.05 25.35 NOTE
r-devel-linux-x86_64-debian-gcc 2.0 1.67 18.00 19.67 NOTE
r-devel-linux-x86_64-fedora-clang 2.0 39.94 NOTE
r-devel-linux-x86_64-fedora-gcc 2.0 30.49 NOTE
r-devel-windows-ix86+x86_64 2.0 5.00 29.00 34.00 NOTE
r-patched-linux-x86_64 2.0 NOTE
r-patched-solaris-x86 2.0 52.70 NOTE
r-release-linux-x86_64 2.0 2.01 21.89 23.90 NOTE
r-release-macos-x86_64 2.0 NOTE
r-release-windows-ix86+x86_64 2.0 4.00 29.00 33.00 NOTE
r-oldrel-macos-x86_64 2.0 NOTE
r-oldrel-windows-ix86+x86_64 2.0 5.00 44.00 49.00 NOTE

Check Details

Version: 2.0
Check: R code for possible problems
Result: NOTE
    qPolyaAeppliSingle: no visible global function definition for 'qgamma'
    rPolyaAeppli: no visible global function definition for 'rpois'
    rPolyaAeppli: no visible global function definition for 'rgeom'
    Undefined global functions or variables:
     qgamma rgeom rpois
    Consider adding
     importFrom("stats", "qgamma", "rgeom", "rpois")
    to your NAMESPACE file.
Flavors: r-devel-linux-x86_64-debian-clang, r-devel-linux-x86_64-debian-gcc, r-devel-linux-x86_64-fedora-clang, r-devel-linux-x86_64-fedora-gcc, r-devel-windows-ix86+x86_64, r-patched-linux-x86_64, r-patched-solaris-x86, r-release-linux-x86_64, r-release-macos-x86_64, r-release-windows-ix86+x86_64, r-oldrel-macos-x86_64, r-oldrel-windows-ix86+x86_64