CRAN Package Check Results for Package polyaAeppli

Last updated on 2021-09-22 20:49:52 CEST.

Flavor Version Tinstall Tcheck Ttotal Status Flags
r-devel-linux-x86_64-debian-clang 2.0 2.23 25.01 27.24 NOTE
r-devel-linux-x86_64-debian-gcc 2.0 1.82 19.51 21.33 NOTE
r-devel-linux-x86_64-fedora-clang 2.0 42.61 NOTE
r-devel-linux-x86_64-fedora-gcc 2.0 31.36 NOTE
r-devel-windows-x86_64 2.0 3.00 31.00 34.00 NOTE
r-devel-windows-x86_64-gcc10-UCRT 2.0 ERROR
r-patched-linux-x86_64 2.0 1.98 24.63 26.61 NOTE
r-patched-solaris-x86 2.0 55.60 NOTE
r-release-linux-x86_64 2.0 1.85 24.67 26.52 NOTE
r-release-macos-arm64 2.0 NOTE
r-release-macos-x86_64 2.0 NOTE
r-release-windows-ix86+x86_64 2.0 4.00 29.00 33.00 NOTE
r-oldrel-macos-x86_64 2.0 NOTE
r-oldrel-windows-ix86+x86_64 2.0 4.00 29.00 33.00 NOTE

Check Details

Version: 2.0
Check: R code for possible problems
Result: NOTE
    qPolyaAeppliSingle: no visible global function definition for 'qgamma'
    rPolyaAeppli: no visible global function definition for 'rpois'
    rPolyaAeppli: no visible global function definition for 'rgeom'
    Undefined global functions or variables:
     qgamma rgeom rpois
    Consider adding
     importFrom("stats", "qgamma", "rgeom", "rpois")
    to your NAMESPACE file.
Flavors: r-devel-linux-x86_64-debian-clang, r-devel-linux-x86_64-debian-gcc, r-devel-linux-x86_64-fedora-clang, r-devel-linux-x86_64-fedora-gcc, r-devel-windows-x86_64, r-devel-windows-x86_64-gcc10-UCRT, r-patched-linux-x86_64, r-patched-solaris-x86, r-release-linux-x86_64, r-release-macos-arm64, r-release-macos-x86_64, r-release-windows-ix86+x86_64, r-oldrel-macos-x86_64, r-oldrel-windows-ix86+x86_64

Version: 2.0
Check: PDF version of manual
Result: WARN
    LaTeX errors when creating PDF version.
    This typically indicates Rd problems.
Flavor: r-devel-windows-x86_64-gcc10-UCRT

Version: 2.0
Check: PDF version of manual without hyperrefs or index
Result: ERROR
    Re-running with no redirection of stdout/stderr.
Flavor: r-devel-windows-x86_64-gcc10-UCRT