CRAN Package Check Results for Package polySegratioMM

Last updated on 2023-03-30 08:53:46 CEST.

Flavor Version Tinstall Tcheck Ttotal Status Flags
r-devel-linux-x86_64-debian-clang 0.6-4 4.86 47.43 52.29 NOTE
r-devel-linux-x86_64-debian-gcc 0.6-4 3.59 37.21 40.80 NOTE
r-devel-linux-x86_64-fedora-clang 0.6-4 66.33 NOTE
r-devel-linux-x86_64-fedora-gcc 0.6-4 73.81 NOTE
r-devel-windows-x86_64 0.6-4 23.00 0.00 23.00 OK
r-patched-linux-x86_64 0.6-4 4.03 46.38 50.41 NOTE
r-release-linux-x86_64 0.6-4 4.43 46.74 51.17 NOTE
r-release-macos-arm64 0.6-4 26.00 OK
r-release-macos-x86_64 0.6-4 37.00 OK
r-release-windows-x86_64 0.6-4 63.00 106.00 169.00 OK
r-oldrel-macos-arm64 0.6-4 34.00 OK
r-oldrel-macos-x86_64 0.6-4 45.00 OK
r-oldrel-windows-ix86+x86_64 0.6-4 10.00 76.00 86.00 OK

Check Details

Version: 0.6-4
Check: for non-standard things in the check directory
Result: NOTE
    Found the following files/directories:
     ‘test-data.R’ ‘test-inits.R’ ‘test.bug’ ‘test.cmd’
Flavors: r-devel-linux-x86_64-debian-clang, r-devel-linux-x86_64-debian-gcc, r-devel-linux-x86_64-fedora-clang, r-devel-linux-x86_64-fedora-gcc, r-patched-linux-x86_64, r-release-linux-x86_64

Version: 0.6-4
Check: Rd cross-references
Result: NOTE
    Undeclared package ‘Rcmdr’ in Rd xrefs
Flavor: r-devel-linux-x86_64-fedora-clang