CRAN Package Check Results for Package politicaldata

Last updated on 2019-08-25 10:46:26 CEST.

Flavor Version Tinstall Tcheck Ttotal Status Flags
r-devel-linux-x86_64-debian-clang 0.1.3 2.00 21.05 23.05 OK
r-devel-linux-x86_64-debian-gcc 0.1.3 1.59 17.17 18.76 OK
r-devel-linux-x86_64-fedora-clang 0.1.3 27.72 NOTE
r-devel-linux-x86_64-fedora-gcc 0.1.3 27.30 NOTE
r-devel-windows-ix86+x86_64 0.1.3 5.00 60.00 65.00 OK
r-patched-linux-x86_64 0.1.3 1.68 21.24 22.92 OK
r-patched-solaris-x86 0.1.3 46.70 NOTE
r-release-linux-x86_64 0.1.3 1.48 21.02 22.50 OK
r-release-windows-ix86+x86_64 0.1.3 7.00 65.00 72.00 OK
r-release-osx-x86_64 0.1.3 NOTE
r-oldrel-windows-ix86+x86_64 0.1.3 4.00 51.00 55.00 OK
r-oldrel-osx-x86_64 0.1.3 NOTE

Check Details

Version: 0.1.3
Check: data for non-ASCII characters
Result: NOTE
     Note: found 9 marked UTF-8 strings
Flavors: r-devel-linux-x86_64-fedora-clang, r-devel-linux-x86_64-fedora-gcc, r-patched-solaris-x86, r-release-osx-x86_64, r-oldrel-osx-x86_64