CRAN Package Check Results for Package poliscidata

Last updated on 2022-01-26 19:50:41 CET.

Flavor Version Tinstall Tcheck Ttotal Status Flags
r-devel-linux-x86_64-debian-clang 2.3.0 17.31 144.21 161.52 OK
r-devel-linux-x86_64-debian-gcc 2.3.0 15.03 107.54 122.57 OK
r-devel-linux-x86_64-fedora-clang 2.3.0 185.09 OK
r-devel-linux-x86_64-fedora-gcc 2.3.0 181.31 OK
r-devel-windows-x86_64-new-UL 2.3.0 139.00 161.00 300.00 OK
r-devel-windows-x86_64-new-TK 2.3.0 ERROR
r-patched-linux-x86_64 2.3.0 16.53 130.36 146.89 OK
r-release-linux-x86_64 2.3.0 13.08 128.06 141.14 OK
r-release-macos-arm64 2.3.0 OK
r-release-macos-x86_64 2.3.0 OK
r-release-windows-ix86+x86_64 2.3.0 38.00 153.00 191.00 OK
r-oldrel-macos-x86_64 2.3.0 OK
r-oldrel-windows-ix86+x86_64 2.3.0 35.00 159.00 194.00 OK

Check Details

Version: 2.3.0
Check: package dependencies
Result: ERROR
    Packages required but not available: 'weights', 'car'
    
    See section 'The DESCRIPTION file' in the 'Writing R Extensions'
    manual.
Flavor: r-devel-windows-x86_64-new-TK