CRAN Package Check Results for Package poissonreg

Last updated on 2022-01-26 07:52:54 CET.

Flavor Version Tinstall Tcheck Ttotal Status Flags
r-devel-linux-x86_64-debian-clang 0.1.1 6.47 82.49 88.96 OK
r-devel-linux-x86_64-debian-gcc 0.1.1 4.40 60.53 64.93 OK
r-devel-linux-x86_64-fedora-clang 0.1.1 108.47 NOTE
r-devel-linux-x86_64-fedora-gcc 0.1.1 95.30 OK
r-devel-windows-x86_64-new-UL 0.1.1 56.00 95.00 151.00 OK
r-devel-windows-x86_64-new-TK 0.1.1 NOTE
r-patched-linux-x86_64 0.1.1 11.50 73.39 84.89 OK
r-release-linux-x86_64 0.1.1 5.96 73.42 79.38 OK
r-release-macos-arm64 0.1.1 OK
r-release-macos-x86_64 0.1.1 OK
r-release-windows-ix86+x86_64 0.1.1 15.00 90.00 105.00 OK
r-oldrel-macos-x86_64 0.1.1 OK
r-oldrel-windows-ix86+x86_64 0.1.1 14.00 89.00 103.00 OK

Check Details

Version: 0.1.1
Check: Rd cross-references
Result: NOTE
    Undeclared packages ‘workflows’, ‘rstanarm’, ‘rstan’ in Rd xrefs
Flavor: r-devel-linux-x86_64-fedora-clang

Version: 0.1.1
Check: Rd cross-references
Result: NOTE
    Package unavailable to check Rd xrefs: 'rstanarm'
Flavor: r-devel-windows-x86_64-new-TK