CRAN Package Check Results for Package pmultinom

Last updated on 2021-12-01 19:51:44 CET.

Flavor Version Tinstall Tcheck Ttotal Status Flags
r-devel-linux-x86_64-debian-clang 1.0.0 2.18 65.44 67.62 NOTE
r-devel-linux-x86_64-debian-gcc 1.0.0 1.64 51.21 52.85 NOTE
r-devel-linux-x86_64-fedora-clang 1.0.0 91.53 NOTE
r-devel-linux-x86_64-fedora-gcc 1.0.0 82.30 NOTE
r-devel-windows-x86_64-new-UL 1.0.0 6.00 118.00 124.00 NOTE
r-devel-windows-x86_64-new-TK 1.0.0 NOTE
r-devel-windows-x86_64-old 1.0.0 4.00 69.00 73.00 NOTE
r-patched-linux-x86_64 1.0.0 2.20 60.85 63.05 NOTE
r-patched-solaris-x86 1.0.0 130.80 ERROR
r-release-linux-x86_64 1.0.0 1.97 62.76 64.73 NOTE
r-release-macos-arm64 1.0.0 NOTE
r-release-macos-x86_64 1.0.0 NOTE
r-release-windows-ix86+x86_64 1.0.0 5.00 68.00 73.00 NOTE
r-oldrel-macos-x86_64 1.0.0 OK
r-oldrel-windows-ix86+x86_64 1.0.0 4.00 94.00 98.00 OK

Check Details

Version: 1.0.0
Check: LazyData
Result: NOTE
     'LazyData' is specified without a 'data' directory
Flavors: r-devel-linux-x86_64-debian-clang, r-devel-linux-x86_64-debian-gcc, r-devel-linux-x86_64-fedora-clang, r-devel-linux-x86_64-fedora-gcc, r-devel-windows-x86_64-new-UL, r-devel-windows-x86_64-new-TK, r-devel-windows-x86_64-old, r-patched-linux-x86_64, r-patched-solaris-x86, r-release-linux-x86_64, r-release-macos-arm64, r-release-macos-x86_64, r-release-windows-ix86+x86_64

Version: 1.0.0
Check: tests
Result: ERROR
     Running ‘testthat.R’ [57s/94s]
    Running the tests in ‘tests/testthat.R’ failed.
    Complete output:
     > library(testthat)
     > library(pmultinom)
     >
     > test_check("pmultinom")
     ══ Failed tests ════════════════════════════════════════════════════════════════
     ── Failure (test_invertpmultinom.R:37:3): Correct behavior when target probability is 0 or 1 ──
     invert.pmultinom(...) not equal to 0.
     1/1 mismatches
     [1] 6 - 0 == 6
    
     [ FAIL 1 | WARN 0 | SKIP 0 | PASS 1561 ]
     Error: Test failures
     Execution halted
Flavor: r-patched-solaris-x86