CRAN Package Check Results for Package pmcgd

Last updated on 2021-01-26 07:50:24 CET.

Flavor Version Tinstall Tcheck Ttotal Status Flags
r-devel-linux-x86_64-debian-clang 1.1 5.33 38.52 43.85 NOTE
r-devel-linux-x86_64-debian-gcc 1.1 3.44 28.80 32.24 NOTE
r-devel-linux-x86_64-fedora-clang 1.1 59.96 NOTE
r-devel-linux-x86_64-fedora-gcc 1.1 50.75 NOTE
r-devel-windows-ix86+x86_64 1.1 10.00 55.00 65.00 NOTE
r-patched-linux-x86_64 1.1 4.61 35.40 40.01 NOTE
r-patched-solaris-x86 1.1 76.20 NOTE
r-release-linux-x86_64 1.1 4.43 36.54 40.97 NOTE
r-release-macos-x86_64 1.1 NOTE
r-release-windows-ix86+x86_64 1.1 11.00 43.00 54.00 NOTE
r-oldrel-macos-x86_64 1.1 NOTE
r-oldrel-windows-ix86+x86_64 1.1 6.00 43.00 49.00 NOTE

Check Details

Version: 1.1
Check: DESCRIPTION meta-information
Result: NOTE
    Malformed Description field: should contain one or more complete sentences.
Flavors: r-devel-linux-x86_64-debian-clang, r-devel-linux-x86_64-debian-gcc, r-devel-linux-x86_64-fedora-clang, r-devel-linux-x86_64-fedora-gcc, r-devel-windows-ix86+x86_64, r-patched-linux-x86_64, r-patched-solaris-x86, r-release-linux-x86_64, r-release-macos-x86_64, r-release-windows-ix86+x86_64, r-oldrel-macos-x86_64, r-oldrel-windows-ix86+x86_64

Version: 1.1
Check: R code for possible problems
Result: NOTE
    .MCM: no visible global function definition for 'runif'
    .MCM: no visible global function definition for 'rmultinom'
    .MCM: no visible global function definition for 'mahalanobis'
    .MCM: no visible global function definition for 'optimize'
    .MCM : f: no visible global function definition for 'mahalanobis'
    .MCM: no visible global function definition for 'alarm'
    .igpark: no visible global function definition for 'kmeans'
    .loglik: no visible global function definition for 'mahalanobis'
    .plot.gpcm: no visible global function definition for 'lines'
    .plot.gpcm: no visible global function definition for 'legend'
    .rwgpar: no visible global function definition for 'rexp'
    .weights: no visible global function definition for 'mahalanobis'
    Undefined global functions or variables:
     alarm kmeans legend lines mahalanobis optimize rexp rmultinom runif
    Consider adding
     importFrom("graphics", "legend", "lines")
     importFrom("stats", "kmeans", "mahalanobis", "optimize", "rexp",
     "rmultinom", "runif")
     importFrom("utils", "alarm")
    to your NAMESPACE file.
Flavors: r-devel-linux-x86_64-debian-clang, r-devel-linux-x86_64-debian-gcc, r-devel-linux-x86_64-fedora-clang, r-devel-linux-x86_64-fedora-gcc, r-devel-windows-ix86+x86_64, r-patched-linux-x86_64, r-patched-solaris-x86, r-release-linux-x86_64, r-release-macos-x86_64, r-release-windows-ix86+x86_64

Version: 1.1
Check: R code for possible problems
Result: NOTE
    .MCM: no visible global function definition for ‘runif’
    .MCM: no visible global function definition for ‘rmultinom’
    .MCM: no visible global function definition for ‘mahalanobis’
    .MCM: no visible global function definition for ‘optimize’
    .MCM : f: no visible global function definition for ‘mahalanobis’
    .MCM: no visible global function definition for ‘alarm’
    .igpark: no visible global function definition for ‘kmeans’
    .loglik: no visible global function definition for ‘mahalanobis’
    .plot.gpcm: no visible global function definition for ‘plot’
    .plot.gpcm: no visible global function definition for ‘lines’
    .plot.gpcm: no visible global function definition for ‘legend’
    .rwgpar: no visible global function definition for ‘rexp’
    .weights: no visible global function definition for ‘mahalanobis’
    Undefined global functions or variables:
     alarm kmeans legend lines mahalanobis optimize plot rexp rmultinom
     runif
    Consider adding
     importFrom("graphics", "legend", "lines", "plot")
     importFrom("stats", "kmeans", "mahalanobis", "optimize", "rexp",
     "rmultinom", "runif")
     importFrom("utils", "alarm")
    to your NAMESPACE file.
Flavors: r-oldrel-macos-x86_64, r-oldrel-windows-ix86+x86_64