CRAN Package Check Results for Package plsmod

Last updated on 2022-01-22 07:52:52 CET.

Flavor Version Tinstall Tcheck Ttotal Status Flags
r-devel-linux-x86_64-debian-clang 0.1.1 12.87 121.54 134.41 NOTE
r-devel-linux-x86_64-debian-gcc 0.1.1 7.83 89.55 97.38 NOTE
r-devel-linux-x86_64-fedora-clang 0.1.1 157.69 NOTE
r-devel-linux-x86_64-fedora-gcc 0.1.1 143.98 NOTE
r-devel-windows-x86_64-new-UL 0.1.1 22.00 136.00 158.00 NOTE
r-devel-windows-x86_64-new-TK 0.1.1 NOTE
r-patched-linux-x86_64 0.1.1 10.56 114.22 124.78 NOTE
r-release-linux-x86_64 0.1.1 12.01 113.97 125.98 NOTE
r-release-macos-arm64 0.1.1 NOTE
r-release-macos-x86_64 0.1.1 NOTE
r-release-windows-ix86+x86_64 0.1.1 27.00 131.00 158.00 NOTE
r-oldrel-macos-x86_64 0.1.1 OK
r-oldrel-windows-ix86+x86_64 0.1.1 29.00 133.00 162.00 OK

Check Details

Version: 0.1.1
Check: LazyData
Result: NOTE
     'LazyData' is specified without a 'data' directory
Flavors: r-devel-linux-x86_64-debian-clang, r-devel-linux-x86_64-debian-gcc, r-devel-linux-x86_64-fedora-clang, r-devel-linux-x86_64-fedora-gcc, r-devel-windows-x86_64-new-UL, r-devel-windows-x86_64-new-TK, r-patched-linux-x86_64, r-release-linux-x86_64, r-release-macos-arm64, r-release-macos-x86_64, r-release-windows-ix86+x86_64