CRAN Package Check Results for Package plotfunctions

Last updated on 2024-02-26 19:50:17 CET.

Flavor Version Tinstall Tcheck Ttotal Status Flags
r-devel-linux-x86_64-debian-clang 1.4 3.84 47.97 51.81 NOTE
r-devel-linux-x86_64-debian-gcc 1.4 4.65 36.64 41.29 NOTE
r-devel-linux-x86_64-fedora-clang 1.4 67.64 NOTE
r-devel-linux-x86_64-fedora-gcc 1.4 83.44 OK
r-devel-windows-x86_64 1.4 6.00 65.00 71.00 OK
r-patched-linux-x86_64 1.4 7.62 47.26 54.88 OK
r-release-linux-x86_64 1.4 4.14 47.13 51.27 OK
r-release-macos-arm64 1.4 31.00 OK
r-release-macos-x86_64 1.4 48.00 OK
r-release-windows-x86_64 1.4 5.00 68.00 73.00 OK
r-oldrel-macos-arm64 1.4 30.00 OK
r-oldrel-windows-x86_64 1.4 8.00 64.00 72.00 OK

Check Details

Version: 1.4
Check: Rd files
Result: NOTE checkRd: (-1) add_bars.Rd:15: Lost braces 15 | When \\code{y0} is not specified, the lowest value of the y-axis is used.} | ^ checkRd: (-1) add_bars.Rd:24: Lost braces 24 | \\code{\\link[graphics]{par}}.} | ^ checkRd: (-1) add_bars.Rd:24: Lost braces 24 | \\code{\\link[graphics]{par}}.} | ^ Flavors: r-devel-linux-x86_64-debian-clang, r-devel-linux-x86_64-debian-gcc, r-devel-linux-x86_64-fedora-clang