CRAN Package Check Results for Package plotdap

Last updated on 2020-01-23 09:52:11 CET.

Flavor Version Tinstall Tcheck Ttotal Status Flags
r-devel-linux-x86_64-debian-clang 0.0.5 14.20 223.43 237.63 OK
r-devel-linux-x86_64-debian-gcc 0.0.5 13.48 163.46 176.94 OK
r-devel-linux-x86_64-fedora-clang 0.0.5 273.71 OK
r-devel-linux-x86_64-fedora-gcc 0.0.5 281.15 OK
r-devel-windows-ix86+x86_64 0.0.5 33.00 176.00 209.00 OK --no-vignettes
r-devel-windows-ix86+x86_64-gcc8 0.0.5 46.00 172.00 218.00 OK --no-vignettes
r-patched-linux-x86_64 0.0.5 14.97 192.87 207.84 OK
r-patched-solaris-x86 0.0.5 387.90 OK
r-release-linux-x86_64 0.0.5 12.48 193.03 205.51 OK
r-release-windows-ix86+x86_64 0.0.5 26.00 161.00 187.00 OK --no-vignettes
r-release-osx-x86_64 0.0.5 WARN
r-oldrel-windows-ix86+x86_64 0.0.3 16.00 199.00 215.00 OK --no-vignettes
r-oldrel-osx-x86_64 0.0.5 ERROR

Additional issues

noSuggests

Check Details

Version: 0.0.5
Check: re-building of vignette outputs
Result: WARN
    Error(s) in re-building vignettes:
     ...
    --- re-building ‘using_plotdap.Rmd’ using rmarkdown
    Warning in engine$weave(file, quiet = quiet, encoding = enc) :
     Pandoc (>= 1.12.3) and/or pandoc-citeproc not available. Falling back to R Markdown v1.
    Quitting from lines 138-146 (using_plotdap.Rmd)
    Error: processing vignette 'using_plotdap.Rmd' failed with diagnostics:
    Failed to open file /Users/urbanek/Library/Caches/R/rerddap/d3691d4726dcf37b41ff22352dc3ac7e.nc.
    --- failed re-building ‘using_plotdap.Rmd’
    
    SUMMARY: processing the following file failed:
     ‘using_plotdap.Rmd’
    
    Error: Vignette re-building failed.
    Execution halted
Flavor: r-release-osx-x86_64

Version: 0.0.5
Check: whether package can be installed
Result: ERROR
    Installation failed.
Flavor: r-oldrel-osx-x86_64