CRAN Package Check Results for Package plotdap

Last updated on 2019-08-25 10:46:26 CEST.

Flavor Version Tinstall Tcheck Ttotal Status Flags
r-devel-linux-x86_64-debian-clang 0.0.3 13.18 205.61 218.79 OK
r-devel-linux-x86_64-debian-gcc 0.0.3 12.51 150.50 163.01 OK
r-devel-linux-x86_64-fedora-clang 0.0.3 230.06 NOTE
r-devel-linux-x86_64-fedora-gcc 0.0.3 234.50 NOTE
r-devel-windows-ix86+x86_64 0.0.3 29.00 103.00 132.00 OK --no-vignettes
r-patched-linux-x86_64 0.0.3 10.47 191.77 202.24 OK
r-patched-solaris-x86 0.0.3 391.30 NOTE
r-release-linux-x86_64 0.0.3 13.46 188.63 202.09 OK
r-release-windows-ix86+x86_64 0.0.3 39.00 161.00 200.00 OK --no-vignettes
r-release-osx-x86_64 0.0.3 NOTE
r-oldrel-windows-ix86+x86_64 0.0.3 22.00 148.00 170.00 OK --no-vignettes
r-oldrel-osx-x86_64 0.0.3 NOTE

Check Details

Version: 0.0.3
Check: dependencies in R code
Result: NOTE
    Namespaces in Imports field not imported from:
     ‘maptools’ ‘rgdal’ ‘rgeos’
     All declared Imports should be used.
Flavors: r-devel-linux-x86_64-fedora-clang, r-devel-linux-x86_64-fedora-gcc, r-patched-solaris-x86, r-release-osx-x86_64, r-oldrel-osx-x86_64