CRAN Package Check Results for Package plotGMM

Last updated on 2021-12-04 07:50:29 CET.

Flavor Version Tinstall Tcheck Ttotal Status Flags
r-devel-linux-x86_64-debian-clang 0.2.2 2.08 47.79 49.87 NOTE
r-devel-linux-x86_64-debian-gcc 0.2.2 1.71 36.43 38.14 NOTE
r-devel-linux-x86_64-fedora-clang 0.2.2 60.28 NOTE
r-devel-linux-x86_64-fedora-gcc 0.2.2 49.13 NOTE
r-devel-windows-x86_64-new-UL 0.2.2 6.00 77.00 83.00 NOTE
r-devel-windows-x86_64-new-TK 0.2.2 NOTE
r-devel-windows-x86_64-old 0.2.2 4.00 48.00 52.00 NOTE
r-patched-linux-x86_64 0.2.2 2.07 37.07 39.14 NOTE
r-release-linux-x86_64 0.2.2 2.02 36.33 38.35 NOTE
r-release-macos-arm64 0.2.2 NOTE
r-release-macos-x86_64 0.2.2 NOTE
r-release-windows-ix86+x86_64 0.2.2 6.00 66.00 72.00 NOTE
r-oldrel-macos-x86_64 0.2.2 OK
r-oldrel-windows-ix86+x86_64 0.2.2 6.00 59.00 65.00 OK

Check Details

Version: 0.2.2
Check: LazyData
Result: NOTE
     'LazyData' is specified without a 'data' directory
Flavors: r-devel-linux-x86_64-debian-clang, r-devel-linux-x86_64-debian-gcc, r-devel-linux-x86_64-fedora-clang, r-devel-linux-x86_64-fedora-gcc, r-devel-windows-x86_64-new-UL, r-devel-windows-x86_64-new-TK, r-devel-windows-x86_64-old, r-patched-linux-x86_64, r-release-linux-x86_64, r-release-macos-arm64, r-release-macos-x86_64, r-release-windows-ix86+x86_64