CRAN Package Check Results for Package plinkQC

Last updated on 2019-12-09 08:55:13 CET.

Flavor Version Tinstall Tcheck Ttotal Status Flags
r-devel-linux-x86_64-debian-clang 0.3.0 7.06 84.21 91.27 OK
r-devel-linux-x86_64-debian-gcc 0.3.0 5.04 67.13 72.17 OK
r-devel-linux-x86_64-fedora-clang 0.3.0 116.08 OK
r-devel-linux-x86_64-fedora-gcc 0.3.0 107.24 OK
r-devel-windows-ix86+x86_64 0.3.0 16.00 158.00 174.00 OK
r-devel-windows-ix86+x86_64-gcc8 0.3.0 16.00 169.00 185.00 OK
r-patched-linux-x86_64 0.3.0 6.71 76.36 83.07 OK
r-patched-solaris-x86 0.3.0 112.00 OK
r-release-linux-x86_64 0.3.0 6.23 76.80 83.03 OK
r-release-windows-ix86+x86_64 0.3.0 11.00 117.00 128.00 OK
r-release-osx-x86_64 0.3.0 OK
r-oldrel-windows-ix86+x86_64 0.2.3 9.00 110.00 119.00 OK
r-oldrel-osx-x86_64 0.3.0 ERROR

Check Details

Version: 0.3.0
Check: whether package can be installed
Result: ERROR
    Installation failed.
Flavor: r-oldrel-osx-x86_64