CRAN Package Check Results for Package platowork

Last updated on 2021-09-20 20:48:58 CEST.

Flavor Version Tinstall Tcheck Ttotal Status Flags
r-devel-linux-x86_64-debian-clang 0.0.1 1.90 30.38 32.28 OK
r-devel-linux-x86_64-debian-gcc 0.0.1 1.33 23.75 25.08 OK
r-devel-linux-x86_64-fedora-clang 0.0.1 47.39 OK
r-devel-linux-x86_64-fedora-gcc 0.0.1 57.38 OK
r-devel-windows-x86_64 0.0.1 3.00 36.00 39.00 OK
r-devel-windows-x86_64-gcc10-UCRT 0.0.1 ERROR
r-patched-linux-x86_64 0.0.1 1.56 28.58 30.14 OK
r-patched-solaris-x86 0.0.1 54.70 OK
r-release-linux-x86_64 0.0.1 1.69 28.58 30.27 OK
r-release-macos-arm64 0.0.1 OK
r-release-macos-x86_64 0.0.1 OK
r-release-windows-ix86+x86_64 0.0.1 4.00 34.00 38.00 OK
r-oldrel-macos-x86_64 0.0.1 OK
r-oldrel-windows-ix86+x86_64 0.0.1 5.00 37.00 42.00 OK

Check Details

Version: 0.0.1
Check: whether package can be installed
Result: WARN
    Found the following significant warnings:
     WARNING: installation-time patches will not be applied, could not get the patches index
Flavor: r-devel-windows-x86_64-gcc10-UCRT

Version: 0.0.1
Check: PDF version of manual
Result: WARN
    LaTeX errors when creating PDF version.
    This typically indicates Rd problems.
Flavor: r-devel-windows-x86_64-gcc10-UCRT

Version: 0.0.1
Check: PDF version of manual without hyperrefs or index
Result: ERROR
    Re-running with no redirection of stdout/stderr.
Flavor: r-devel-windows-x86_64-gcc10-UCRT