CRAN Package Check Results for Package pkgnet

Last updated on 2023-03-30 20:49:19 CEST.

Flavor Version Tinstall Tcheck Ttotal Status Flags
r-devel-linux-x86_64-debian-clang 0.4.2 13.75 49.67 63.42 OK
r-devel-linux-x86_64-debian-gcc 0.4.2 7.60 36.91 44.51 OK
r-devel-linux-x86_64-fedora-clang 0.4.2 76.81 NOTE
r-devel-linux-x86_64-fedora-gcc 0.4.2 72.95 OK
r-devel-windows-x86_64 0.4.2 106.00 0.00 106.00 OK
r-patched-linux-x86_64 0.4.2 13.50 45.55 59.05 OK
r-release-linux-x86_64 0.4.2 9.08 49.18 58.26 OK
r-release-macos-arm64 0.4.2 27.00 OK
r-release-macos-x86_64 0.4.2 38.00 OK
r-release-windows-x86_64 0.4.2 49.00 92.00 141.00 OK
r-oldrel-macos-arm64 0.4.2 27.00 OK
r-oldrel-macos-x86_64 0.4.2 40.00 OK
r-oldrel-windows-ix86+x86_64 0.4.2 24.00 75.00 99.00 OK

Check Details

Version: 0.4.2
Check: Rd cross-references
Result: NOTE
    Undeclared package ‘htmlwidgets’ in Rd xrefs
Flavor: r-devel-linux-x86_64-fedora-clang