CRAN Package Check Results for Package pixiedust

Last updated on 2023-03-21 19:57:19 CET.

Flavor Version Tinstall Tcheck Ttotal Status Flags
r-devel-linux-x86_64-debian-clang 0.9.1 9.02 102.30 111.32 NOTE
r-devel-linux-x86_64-debian-gcc 0.9.1 6.84 75.87 82.71 NOTE
r-devel-linux-x86_64-fedora-clang 0.9.1 133.64 NOTE
r-devel-linux-x86_64-fedora-gcc 0.9.1 138.10 NOTE
r-patched-linux-x86_64 0.9.1 8.29 91.33 99.62 NOTE
r-release-linux-x86_64 0.9.1 6.40 91.45 97.85 NOTE
r-release-macos-arm64 0.9.1 37.00 NOTE
r-release-macos-x86_64 0.9.1 68.00 NOTE
r-release-windows-x86_64 0.9.1 74.00 128.00 202.00 NOTE
r-oldrel-macos-arm64 0.9.1 41.00 NOTE
r-oldrel-macos-x86_64 0.9.1 71.00 NOTE
r-oldrel-windows-ix86+x86_64 0.9.1 15.00 122.00 137.00 NOTE

Check Details

Version: 0.9.1
Check: Rd files
Result: NOTE
    checkRd: (-1) sanitize_latex.Rd:49: Escaped LaTeX specials: \$
Flavors: r-devel-linux-x86_64-debian-clang, r-devel-linux-x86_64-debian-gcc, r-devel-linux-x86_64-fedora-clang, r-devel-linux-x86_64-fedora-gcc

Version: 0.9.1
Check: LazyData
Result: NOTE
     'LazyData' is specified without a 'data' directory
Flavors: r-devel-linux-x86_64-debian-clang, r-devel-linux-x86_64-debian-gcc, r-devel-linux-x86_64-fedora-clang, r-devel-linux-x86_64-fedora-gcc, r-patched-linux-x86_64, r-release-linux-x86_64, r-release-macos-arm64, r-release-macos-x86_64, r-release-windows-x86_64, r-oldrel-macos-arm64, r-oldrel-macos-x86_64, r-oldrel-windows-ix86+x86_64

Version: 0.9.1
Check: Rd cross-references
Result: NOTE
    Undeclared package ‘Hmisc’ in Rd xrefs
Flavor: r-devel-linux-x86_64-fedora-clang