CRAN Package Check Results for Package pivottabler

Last updated on 2022-05-16 21:50:27 CEST.

Flavor Version Tinstall Tcheck Ttotal Status Flags
r-devel-linux-x86_64-debian-clang 1.5.3 41.97 593.62 635.59 OK
r-devel-linux-x86_64-debian-gcc 1.5.3 29.70 419.63 449.33 OK
r-devel-linux-x86_64-fedora-clang 1.5.3 707.30 OK
r-devel-linux-x86_64-fedora-gcc 1.5.3 705.63 OK
r-devel-windows-x86_64 1.5.3 101.00 601.00 702.00 OK
r-patched-linux-x86_64 1.5.3 44.11 534.92 579.03 OK
r-release-linux-x86_64 1.5.3 35.84 541.06 576.90 OK
r-release-macos-arm64 1.5.3 77.00 NOTE
r-release-macos-x86_64 1.5.3 278.00 OK
r-release-windows-x86_64 1.5.3 145.00 591.00 736.00 OK
r-oldrel-macos-arm64 1.5.3 91.00 NOTE
r-oldrel-macos-x86_64 1.5.3 102.00 OK
r-oldrel-windows-ix86+x86_64 1.5.3 69.00 636.00 705.00 OK

Check Details

Version: 1.5.3
Check: installed package size
Result: NOTE
     installed size is 5.2Mb
     sub-directories of 1Mb or more:
     R 2.1Mb
     data 2.0Mb
Flavors: r-release-macos-arm64, r-oldrel-macos-arm64