CRAN Package Check Results for Package pitchRx

Last updated on 2019-12-07 08:49:37 CET.

Flavor Version Tinstall Tcheck Ttotal Status Flags
r-devel-linux-x86_64-debian-clang 1.8.2 12.55 92.76 105.31 NOTE
r-devel-linux-x86_64-debian-gcc 1.8.2 10.67 69.65 80.32 NOTE
r-devel-linux-x86_64-fedora-clang 1.8.2 122.95 NOTE
r-devel-linux-x86_64-fedora-gcc 1.8.2 118.57 NOTE
r-devel-windows-ix86+x86_64 1.8.2 21.00 145.00 166.00 NOTE
r-devel-windows-ix86+x86_64-gcc8 1.8.2 22.00 142.00 164.00 NOTE
r-patched-linux-x86_64 1.8.2 11.36 80.28 91.64 NOTE
r-patched-solaris-x86 1.8.2 169.90 NOTE
r-release-linux-x86_64 1.8.2 12.19 80.11 92.30 NOTE
r-release-windows-ix86+x86_64 1.8.2 20.00 96.00 116.00 NOTE
r-release-osx-x86_64 1.8.2 FAIL
r-oldrel-windows-ix86+x86_64 1.8.2 11.00 162.00 173.00 NOTE
r-oldrel-osx-x86_64 1.8.2 NOTE

Check Details

Version: 1.8.2
Check: package dependencies
Result: NOTE
    Package suggested but not available for checking: 'ggsubplot'
Flavors: r-devel-linux-x86_64-debian-clang, r-devel-linux-x86_64-debian-gcc, r-devel-linux-x86_64-fedora-clang, r-devel-linux-x86_64-fedora-gcc, r-devel-windows-ix86+x86_64, r-devel-windows-ix86+x86_64-gcc8, r-patched-linux-x86_64, r-patched-solaris-x86, r-release-linux-x86_64, r-release-windows-ix86+x86_64, r-release-osx-x86_64, r-oldrel-windows-ix86+x86_64, r-oldrel-osx-x86_64

Version: 1.8.2
Check: dependencies in R code
Result: FAIL
    
Flavor: r-release-osx-x86_64