CRAN Package Check Results for Package pitchRx

Last updated on 2019-08-21 10:47:34 CEST.

Flavor Version Tinstall Tcheck Ttotal Status Flags
r-devel-linux-x86_64-debian-clang 1.8.2 10.58 84.18 94.76 NOTE
r-devel-linux-x86_64-debian-gcc 1.8.2 9.10 63.84 72.94 NOTE
r-devel-linux-x86_64-fedora-clang 1.8.2 111.29 NOTE
r-devel-linux-x86_64-fedora-gcc 1.8.2 108.45 NOTE
r-devel-windows-ix86+x86_64 1.8.2 32.00 105.00 137.00 NOTE
r-patched-linux-x86_64 1.8.2 10.71 80.00 90.71 NOTE
r-patched-solaris-x86 1.8.2 174.70 NOTE
r-release-linux-x86_64 1.8.2 9.92 78.86 88.78 NOTE
r-release-windows-ix86+x86_64 1.8.2 22.00 93.00 115.00 NOTE
r-release-osx-x86_64 1.8.2 FAIL
r-oldrel-windows-ix86+x86_64 1.8.2 18.00 121.00 139.00 NOTE
r-oldrel-osx-x86_64 1.8.2 NOTE

Check Details

Version: 1.8.2
Check: package dependencies
Result: NOTE
    Package suggested but not available for checking: 'ggsubplot'
Flavors: r-devel-linux-x86_64-debian-clang, r-devel-linux-x86_64-debian-gcc, r-devel-linux-x86_64-fedora-clang, r-devel-linux-x86_64-fedora-gcc, r-devel-windows-ix86+x86_64, r-patched-linux-x86_64, r-patched-solaris-x86, r-release-linux-x86_64, r-release-windows-ix86+x86_64, r-release-osx-x86_64, r-oldrel-windows-ix86+x86_64, r-oldrel-osx-x86_64

Version: 1.8.2
Check: dependencies in R code
Result: FAIL
    
Flavor: r-release-osx-x86_64