CRAN Package Check Results for Package pipefittr

Last updated on 2023-09-23 20:53:11 CEST.

Flavor Version Tinstall Tcheck Ttotal Status Flags
r-devel-linux-x86_64-debian-clang 0.1.2 5.40 40.64 46.04 NOTE
r-devel-linux-x86_64-debian-gcc 0.1.2 4.14 31.92 36.06 NOTE
r-devel-linux-x86_64-fedora-clang 0.1.2 59.83 NOTE
r-devel-linux-x86_64-fedora-gcc 0.1.2 54.92 NOTE
r-devel-windows-x86_64 0.1.2 5.00 53.00 58.00 NOTE
r-patched-linux-x86_64 0.1.2 4.58 40.00 44.58 NOTE
r-release-linux-x86_64 0.1.2 3.58 40.27 43.85 NOTE
r-release-macos-arm64 0.1.2 21.00 NOTE
r-release-macos-x86_64 0.1.2 31.00 NOTE
r-release-windows-x86_64 0.1.2 7.00 53.00 60.00 NOTE
r-oldrel-macos-arm64 0.1.2 18.00 NOTE
r-oldrel-macos-x86_64 0.1.2 35.00 NOTE
r-oldrel-windows-x86_64 0.1.2 7.00 60.00 67.00 NOTE

Check Details

Version: 0.1.2
Check: LazyData
Result: NOTE
     'LazyData' is specified without a 'data' directory
Flavors: r-devel-linux-x86_64-debian-clang, r-devel-linux-x86_64-debian-gcc, r-devel-linux-x86_64-fedora-clang, r-devel-linux-x86_64-fedora-gcc, r-devel-windows-x86_64, r-patched-linux-x86_64, r-release-linux-x86_64, r-release-macos-arm64, r-release-macos-x86_64, r-release-windows-x86_64, r-oldrel-macos-arm64, r-oldrel-macos-x86_64, r-oldrel-windows-x86_64