CRAN Package Check Results for Package pipefittr

Last updated on 2024-07-14 09:51:20 CEST.

Flavor Version Tinstall Tcheck Ttotal Status Flags
r-devel-linux-x86_64-debian-clang 0.1.2 5.40 42.26 47.66 NOTE
r-devel-linux-x86_64-debian-gcc 0.1.2 3.73 31.51 35.24 NOTE
r-devel-linux-x86_64-fedora-clang 0.1.2 56.86 NOTE
r-devel-linux-x86_64-fedora-gcc 0.1.2 54.35 NOTE
r-devel-windows-x86_64 0.1.2 5.00 51.00 56.00 NOTE
r-patched-linux-x86_64 0.1.2 4.45 39.85 44.30 NOTE
r-release-linux-x86_64 0.1.2 4.14 39.89 44.03 NOTE
r-release-macos-arm64 0.1.2 20.00 NOTE
r-release-macos-x86_64 0.1.2 31.00 NOTE
r-release-windows-x86_64 0.1.2 6.00 53.00 59.00 NOTE
r-oldrel-macos-arm64 0.1.2 21.00 NOTE
r-oldrel-macos-x86_64 0.1.2 31.00 NOTE
r-oldrel-windows-x86_64 0.1.2 7.00 55.00 62.00 NOTE

Check Details

Version: 0.1.2
Check: LazyData
Result: NOTE 'LazyData' is specified without a 'data' directory Flavors: r-devel-linux-x86_64-debian-clang, r-devel-linux-x86_64-debian-gcc, r-devel-linux-x86_64-fedora-clang, r-devel-linux-x86_64-fedora-gcc, r-devel-windows-x86_64, r-patched-linux-x86_64, r-release-linux-x86_64, r-release-macos-arm64, r-release-macos-x86_64, r-release-windows-x86_64, r-oldrel-macos-arm64, r-oldrel-macos-x86_64, r-oldrel-windows-x86_64