CRAN Package Check Results for Package pins

Last updated on 2021-12-04 07:50:29 CET.

Flavor Version Tinstall Tcheck Ttotal Status Flags
r-devel-linux-x86_64-debian-clang 1.0.0 8.42 82.55 90.97 OK
r-devel-linux-x86_64-debian-gcc 1.0.0 6.66 63.04 69.70 OK
r-devel-linux-x86_64-fedora-clang 1.0.0 111.52 ERROR
r-devel-linux-x86_64-fedora-gcc 1.0.0 97.70 ERROR
r-devel-windows-x86_64-new-UL 1.0.0 31.00 132.00 163.00 OK
r-devel-windows-x86_64-new-TK 1.0.0 OK
r-devel-windows-x86_64-old 1.0.0 15.00 83.00 98.00 OK
r-patched-linux-x86_64 1.0.0 8.31 73.43 81.74 OK
r-release-linux-x86_64 1.0.0 9.36 74.68 84.04 OK
r-release-macos-arm64 1.0.0 OK
r-release-macos-x86_64 1.0.0 OK
r-release-windows-ix86+x86_64 1.0.0 17.00 114.00 131.00 OK
r-oldrel-macos-x86_64 1.0.0 OK
r-oldrel-windows-ix86+x86_64 1.0.0 18.00 104.00 122.00 OK

Additional issues

donttest M1mac

Check Details

Version: 1.0.0
Check: examples
Result: ERROR
    Running examples in ‘pins-Ex.R’ failed
    The error most likely occurred in:
    
    > ### Name: board_azure
    > ### Title: Use an Azure Blob Storage Container as a board
    > ### Aliases: board_azure
    >
    > ### ** Examples
    >
    > if (requireNamespace("AzureStor")) {
    + # Public access board
    + url <- "https://pins.blob.core.windows.net/public-data"
    + container <- AzureStor::blob_container(url)
    + board <- board_azure(container)
    + board %>% pin_read("mtcars")
    + }
    Loading required namespace: AzureStor
    Error: Destination file exists and overwrite is FALSE
    Execution halted
Flavors: r-devel-linux-x86_64-fedora-clang, r-devel-linux-x86_64-fedora-gcc

Version: 1.0.0
Check: re-building of vignette outputs
Result: WARN
    Error(s) in re-building vignettes:
    --- re-building ‘pins-update.Rmd’ using rmarkdown
    Quitting from lines 43-48 (pins-update.Rmd)
    Error: processing vignette 'pins-update.Rmd' failed with diagnostics:
    `meta$type` must be a character vector.
    --- failed re-building ‘pins-update.Rmd’
    
    --- re-building ‘pins.Rmd’ using rmarkdown
    Quitting from lines 233-237 (pins.Rmd)
    Error: processing vignette 'pins.Rmd' failed with diagnostics:
    [EACCES] Failed to open '/data/gannet/ripley/.cache/pins/url/62ed70d133bdeb85a5123407645d5570/data.txt': permission denied
    --- failed re-building ‘pins.Rmd’
    
    --- re-building ‘rsc.Rmd’ using rmarkdown
    --- finished re-building ‘rsc.Rmd’
    
    SUMMARY: processing the following files failed:
     ‘pins-update.Rmd’ ‘pins.Rmd’
    
    Error: Vignette re-building failed.
    Execution halted
Flavors: r-devel-linux-x86_64-fedora-clang, r-devel-linux-x86_64-fedora-gcc