CRAN Package Check Results for Package pillar

Last updated on 2021-01-20 20:47:35 CET.

Flavor Version Tinstall Tcheck Ttotal Status Flags
r-devel-linux-x86_64-debian-clang 1.4.7 4.65 41.92 46.57 OK
r-devel-linux-x86_64-debian-gcc 1.4.7 3.30 45.44 48.74 OK
r-devel-linux-x86_64-fedora-clang 1.4.7 82.39 OK
r-devel-linux-x86_64-fedora-gcc 1.4.7 73.21 OK
r-devel-windows-ix86+x86_64 1.4.7 6.00 56.00 62.00 ERROR
r-patched-linux-x86_64 1.4.7 4.85 57.60 62.45 OK
r-patched-solaris-x86 1.4.7 98.30 OK
r-release-linux-x86_64 1.4.7 5.16 58.15 63.31 OK
r-release-macos-x86_64 1.4.7 OK
r-release-windows-ix86+x86_64 1.4.7 6.00 68.00 74.00 OK
r-oldrel-macos-x86_64 1.4.7 OK
r-oldrel-windows-ix86+x86_64 1.4.7 6.00 47.00 53.00 OK

Check Details

Version: 1.4.7
Check: tests
Result: ERROR
     Running 'testthat.R' [11s]
    Running the tests in 'tests/testthat.R' failed.
    Complete output:
     > library(testthat)
     > library(pillar)
     >
     > test_check("pillar")
     == Skipped tests ===============================================================
     * On Windows (1)
    
     == Failed tests ================================================================
     -- Failure (test-format_multi.R:53:5): output test -----------------------------
     Results have changed from known value recorded in 'out-native/multi-extra-10.txt'.
    
     `old`: "col_02 <chr>" "col_03 <fct>" "col_04 <ord>"
     `new`: "col_02 <chr>" "col_03 <fct>" "col_04 <ord>"
     -- Failure (test-format_multi.R:60:5): output test -----------------------------
     Results have changed from known value recorded in 'out-native/multi-extra-20.txt'.
    
     `old`: "col_02 <chr>" "col_03 <fct>" "col_04 <ord>"
     `new`: "col_02 <chr>" "col_03 <fct>" "col_04 <ord>"
     -- Failure (test-format_multi.R:67:5): output test -----------------------------
     Results have changed from known value recorded in 'out-native/multi-extra-30.txt'.
    
     `old`: "col_03 <fct>" "col_04 <ord>"
     `new`: "col_03 <fct>" "col_04 <ord>"
     -- Failure (test-format_multi.R:74:5): output test -----------------------------
     Results have changed from known value recorded in 'out-native/multi-extra-35.txt'.
    
     `old`: "col_04 <ord>"
     `new`: "col_04 <ord>"
    
     [ FAIL 4 | WARN 0 | SKIP 1 | PASS 250 ]
     Error: Test failures
     Execution halted
Flavor: r-devel-windows-ix86+x86_64