CRAN Package Check Results for Package phylogram

Last updated on 2022-01-23 19:48:38 CET.

Flavor Version Tinstall Tcheck Ttotal Status Flags
r-devel-linux-x86_64-debian-clang 2.1.0 2.86 51.73 54.59 NOTE
r-devel-linux-x86_64-debian-gcc 2.1.0 2.99 43.56 46.55 NOTE
r-devel-linux-x86_64-fedora-clang 2.1.0 67.14 NOTE
r-devel-linux-x86_64-fedora-gcc 2.1.0 54.22 NOTE
r-devel-windows-x86_64-new-UL 2.1.0 31.00 80.00 111.00 NOTE
r-devel-windows-x86_64-new-TK 2.1.0 NOTE
r-patched-linux-x86_64 2.1.0 3.37 47.25 50.62 NOTE
r-release-linux-x86_64 2.1.0 3.72 47.09 50.81 NOTE
r-release-macos-arm64 2.1.0 NOTE
r-release-macos-x86_64 2.1.0 NOTE
r-release-windows-ix86+x86_64 2.1.0 9.00 66.00 75.00 NOTE
r-oldrel-macos-x86_64 2.1.0 OK
r-oldrel-windows-ix86+x86_64 2.1.0 8.00 64.00 72.00 OK

Check Details

Version: 2.1.0
Check: LazyData
Result: NOTE
     'LazyData' is specified without a 'data' directory
Flavors: r-devel-linux-x86_64-debian-clang, r-devel-linux-x86_64-debian-gcc, r-devel-linux-x86_64-fedora-clang, r-devel-linux-x86_64-fedora-gcc, r-devel-windows-x86_64-new-UL, r-devel-windows-x86_64-new-TK, r-patched-linux-x86_64, r-release-linux-x86_64, r-release-macos-arm64, r-release-macos-x86_64, r-release-windows-ix86+x86_64