CRAN Package Check Results for Package phonenumber

Last updated on 2021-09-21 20:51:17 CEST.

Flavor Version Tinstall Tcheck Ttotal Status Flags
r-devel-linux-x86_64-debian-clang 0.2.3 1.80 24.13 25.93 OK
r-devel-linux-x86_64-debian-gcc 0.2.3 1.51 19.12 20.63 OK
r-devel-linux-x86_64-fedora-clang 0.2.3 40.80 OK
r-devel-linux-x86_64-fedora-gcc 0.2.3 30.51 OK
r-devel-windows-x86_64 0.2.3 4.00 31.00 35.00 OK
r-devel-windows-x86_64-gcc10-UCRT 0.2.3 ERROR
r-patched-linux-x86_64 0.2.3 1.89 23.21 25.10 OK
r-patched-solaris-x86 0.2.3 50.20 OK
r-release-linux-x86_64 0.2.3 1.74 23.61 25.35 OK
r-release-macos-arm64 0.2.3 OK
r-release-macos-x86_64 0.2.3 OK
r-release-windows-ix86+x86_64 0.2.3 5.00 28.00 33.00 OK
r-oldrel-macos-x86_64 0.2.3 OK
r-oldrel-windows-ix86+x86_64 0.2.3 6.00 30.00 36.00 OK

Check Details

Version: 0.2.3
Check: whether package can be installed
Result: WARN
    Found the following significant warnings:
     WARNING: installation-time patches will not be applied, could not get the patches index
Flavor: r-devel-windows-x86_64-gcc10-UCRT

Version: 0.2.3
Check: PDF version of manual
Result: WARN
    LaTeX errors when creating PDF version.
    This typically indicates Rd problems.
Flavor: r-devel-windows-x86_64-gcc10-UCRT

Version: 0.2.3
Check: PDF version of manual without hyperrefs or index
Result: ERROR
    Re-running with no redirection of stdout/stderr.
Flavor: r-devel-windows-x86_64-gcc10-UCRT