CRAN Package Check Results for Package pheatmap

Last updated on 2021-10-22 21:51:42 CEST.

Flavor Version Tinstall Tcheck Ttotal Status Flags
r-devel-linux-x86_64-debian-clang 1.0.12 4.29 32.58 36.87 NOTE
r-devel-linux-x86_64-debian-gcc 1.0.12 2.78 25.39 28.17 NOTE
r-devel-linux-x86_64-fedora-clang 1.0.12 54.19 NOTE
r-devel-linux-x86_64-fedora-gcc 1.0.12 43.89 NOTE
r-devel-windows-x86_64 1.0.12 6.00 37.00 43.00 OK
r-devel-windows-x86_64-gcc10-UCRT 1.0.12 OK
r-patched-linux-x86_64 1.0.12 6.09 31.56 37.65 NOTE
r-patched-solaris-x86 1.0.12 66.40 NOTE
r-release-linux-x86_64 1.0.12 3.32 31.63 34.95 NOTE
r-release-macos-arm64 1.0.12 OK
r-release-macos-x86_64 1.0.12 OK
r-release-windows-ix86+x86_64 1.0.12 6.00 54.00 60.00 OK
r-oldrel-macos-x86_64 1.0.12 OK
r-oldrel-windows-ix86+x86_64 1.0.12 9.00 58.00 67.00 OK

Check Details

Version: 1.0.12
Check: for non-standard things in the check directory
Result: NOTE
    Found the following files/directories:
     'test.pdf'
Flavors: r-devel-linux-x86_64-debian-clang, r-devel-linux-x86_64-debian-gcc, r-devel-linux-x86_64-fedora-clang, r-devel-linux-x86_64-fedora-gcc, r-patched-linux-x86_64, r-patched-solaris-x86, r-release-linux-x86_64