CRAN Package Check Results for Package pglm

Last updated on 2023-03-31 08:54:08 CEST.

Flavor Version Tinstall Tcheck Ttotal Status Flags
r-devel-linux-x86_64-debian-clang 0.2-3 8.22 77.77 85.99 NOTE
r-devel-linux-x86_64-debian-gcc 0.2-3 5.11 57.69 62.80 NOTE
r-devel-linux-x86_64-fedora-clang 0.2-3 103.91 NOTE
r-devel-linux-x86_64-fedora-gcc 0.2-3 101.70 NOTE
r-devel-windows-x86_64 0.2-3 19.00 0.00 19.00 NOTE
r-patched-linux-x86_64 0.2-3 8.44 72.26 80.70 NOTE
r-release-linux-x86_64 0.2-3 6.07 89.59 95.66 OK
r-release-macos-arm64 0.2-3 37.00 OK
r-release-macos-x86_64 0.2-3 52.00 OK
r-release-windows-x86_64 0.2-3 15.00 120.00 135.00 OK
r-oldrel-macos-arm64 0.2-3 29.00 OK
r-oldrel-macos-x86_64 0.2-3 34.00 OK
r-oldrel-windows-ix86+x86_64 0.2-3 22.00 114.00 136.00 OK

Check Details

Version: 0.2-3
Check: Rd files
Result: NOTE
    checkRd: (-1) PatentsRD.Rd:4: Escaped LaTeX specials: \&
    checkRd: (-1) PatentsRD.Rd:30: Escaped LaTeX specials: \&
    checkRd: (-1) PatentsRDUS.Rd:4: Escaped LaTeX specials: \&
Flavors: r-devel-linux-x86_64-debian-clang, r-devel-linux-x86_64-debian-gcc, r-devel-linux-x86_64-fedora-clang, r-devel-linux-x86_64-fedora-gcc, r-devel-windows-x86_64, r-patched-linux-x86_64