CRAN Package Check Results for Package pgee.mixed

Last updated on 2020-07-05 09:47:43 CEST.

Flavor Version Tinstall Tcheck Ttotal Status Flags
r-devel-linux-x86_64-debian-clang 0.1.0 39.60 33.41 73.01 OK
r-devel-linux-x86_64-debian-gcc 0.1.0 30.23 26.26 56.49 OK
r-devel-linux-x86_64-fedora-clang 0.1.0 106.36 NOTE
r-devel-linux-x86_64-fedora-gcc 0.1.0 91.22 NOTE
r-devel-windows-ix86+x86_64 0.1.0 100.00 72.00 172.00 OK
r-patched-linux-x86_64 0.1.0 30.99 33.31 64.30 OK
r-patched-solaris-x86 0.1.0 97.30 OK
r-release-linux-x86_64 0.1.0 32.07 33.65 65.72 OK
r-release-osx-x86_64 0.1.0 OK
r-release-windows-ix86+x86_64 0.1.0 68.00 72.00 140.00 OK
r-oldrel-osx-x86_64 0.1.0 OK
r-oldrel-windows-ix86+x86_64 0.1.0 93.00 81.00 174.00 OK

Check Details

Version: 0.1.0
Check: compiled code
Result: NOTE
    File ‘pgee.mixed/libs/pgee.mixed.so’:
     Found no calls to: ‘R_registerRoutines’, ‘R_useDynamicSymbols’
    
    It is good practice to register native routines and to disable symbol
    search.
    
    See ‘Writing portable packages’ in the ‘Writing R Extensions’ manual.
Flavors: r-devel-linux-x86_64-fedora-clang, r-devel-linux-x86_64-fedora-gcc