CRAN Package Check Results for Package pgee.mixed

Last updated on 2019-12-07 08:49:36 CET.

Flavor Version Tinstall Tcheck Ttotal Status Flags
r-devel-linux-x86_64-debian-clang 0.1.0 40.27 32.68 72.95 OK
r-devel-linux-x86_64-debian-gcc 0.1.0 27.20 25.83 53.03 OK
r-devel-linux-x86_64-fedora-clang 0.1.0 90.22 NOTE
r-devel-linux-x86_64-fedora-gcc 0.1.0 86.67 NOTE
r-devel-windows-ix86+x86_64 0.1.0 63.00 87.00 150.00 OK
r-devel-windows-ix86+x86_64-gcc8 0.1.0 71.00 92.00 163.00 OK
r-patched-linux-x86_64 0.1.0 28.22 30.22 58.44 OK
r-patched-solaris-x86 0.1.0 92.60 OK
r-release-linux-x86_64 0.1.0 30.47 30.29 60.76 OK
r-release-windows-ix86+x86_64 0.1.0 79.00 67.00 146.00 OK
r-release-osx-x86_64 0.1.0 OK
r-oldrel-windows-ix86+x86_64 0.1.0 59.00 86.00 145.00 OK
r-oldrel-osx-x86_64 0.1.0 OK

Check Details

Version: 0.1.0
Check: compiled code
Result: NOTE
    File ‘pgee.mixed/libs/pgee.mixed.so’:
     Found no calls to: ‘R_registerRoutines’, ‘R_useDynamicSymbols’
    
    It is good practice to register native routines and to disable symbol
    search.
    
    See ‘Writing portable packages’ in the ‘Writing R Extensions’ manual.
Flavors: r-devel-linux-x86_64-fedora-clang, r-devel-linux-x86_64-fedora-gcc