CRAN Package Check Results for Package pez

Last updated on 2024-02-24 19:50:47 CET.

Flavor Version Tinstall Tcheck Ttotal Status Flags
r-devel-linux-x86_64-debian-clang 1.2-4 17.94 211.75 229.69 OK
r-devel-linux-x86_64-debian-gcc 1.2-4 13.75 160.53 174.28 OK
r-devel-linux-x86_64-fedora-clang 1.2-4 299.59 OK
r-devel-linux-x86_64-fedora-gcc 1.2-4 293.44 OK
r-devel-windows-x86_64 1.2-4 18.00 186.00 204.00 OK
r-patched-linux-x86_64 1.2-4 23.87 212.74 236.61 OK
r-release-linux-x86_64 1.2-4 18.08 211.32 229.40 OK
r-release-macos-arm64 1.2-4 91.00 OK
r-release-macos-x86_64 1.2-4 156.00 NOTE
r-release-windows-x86_64 1.2-4 25.00 217.00 242.00 OK
r-oldrel-macos-arm64 1.2-4 100.00 OK
r-oldrel-windows-x86_64 1.2-4 23.00 223.00 246.00 OK

Check Details

Version: 1.2-4
Check: package dependencies
Result: NOTE Package suggested but not available for checking: ‘lme4’ Flavor: r-release-macos-x86_64

Version: 1.2-4
Check: Rd cross-references
Result: NOTE Package unavailable to check Rd xrefs: ‘lme4’ Flavor: r-release-macos-x86_64